{"id":393,"date":"2021-11-19T10:15:26","date_gmt":"2021-11-19T09:15:26","guid":{"rendered":"https:\/\/www.diocesitn.it\/seminario\/?page_id=393"},"modified":"2026-02-19T15:07:04","modified_gmt":"2026-02-19T14:07:04","slug":"seminaristi-2","status":"publish","type":"page","link":"https:\/\/www.diocesitn.it\/seminario\/seminaristi-2\/","title":{"rendered":"Seminaristi"},"content":{"rendered":"<p>La vita del seminario si poggia su quattro pilastri:<\/p>\n<ul>\n<li>la <strong>vita spirituale<\/strong>, la crescita nella fede, nella preghiera e nella conoscenza di Cristo e della sua Parola;<\/li>\n<li>la <strong>vita comunitaria<\/strong>, vissuta come occasione per crescere nell&#8217;amicizia e nella stima reciproca;<\/li>\n<li>lo <strong>studio<\/strong>, l&#8217;approfondimento della teologia e delle Scritture;<\/li>\n<li>l&#8217;<strong>esperienza pastorale<\/strong> nelle parrocchie, in carcere, con gli anziani, con i malati, con i giovani&#8230;<\/li>\n<\/ul>\n<p>&nbsp;<\/p>\n<div>\n<p>Le nostre giornate sono scandite dai momenti di preghiera, dalla frequenza dello Studio Teologico, dalle occasioni di formazione e di servizio e, soprattutto, dalla vita comunitaria. Dal luned\u00ec al venerd\u00ec siamo in seminario, mentre il fine settimana \u00e8 dedicato all&#8217;esperienza pastorale, in parrocchia o con incontri e ritiri per ragazzi e giovani.<\/p>\n<\/div>\n<p>&nbsp;<\/p>\n<p>Attualmente, nella comunit\u00e0 del Seminario maggiore di Trento e Belluno-Feltre sono presenti 4 seminaristi.<\/p>\n<p>&nbsp;<\/p>\n<p>&nbsp;<\/p>\n<p><img loading=\"lazy\" decoding=\"async\" class=\"alignnone size-medium wp-image-1209\" src=\"https:\/\/www.diocesitn.it\/seminario\/wp-content\/uploads\/sites\/41\/2026\/02\/IMG_3088-300x272.jpeg\" alt=\"\" width=\"300\" height=\"272\" srcset=\"https:\/\/www.diocesitn.it\/seminario\/wp-content\/uploads\/sites\/41\/2026\/02\/IMG_3088-300x272.jpeg 300w, https:\/\/www.diocesitn.it\/seminario\/wp-content\/uploads\/sites\/41\/2026\/02\/IMG_3088-1024x927.jpeg 1024w, https:\/\/www.diocesitn.it\/seminario\/wp-content\/uploads\/sites\/41\/2026\/02\/IMG_3088-768x696.jpeg 768w, https:\/\/www.diocesitn.it\/seminario\/wp-content\/uploads\/sites\/41\/2026\/02\/IMG_3088-309x280.jpeg 309w, https:\/\/www.diocesitn.it\/seminario\/wp-content\/uploads\/sites\/41\/2026\/02\/IMG_3088-848x768.jpeg 848w, https:\/\/www.diocesitn.it\/seminario\/wp-content\/uploads\/sites\/41\/2026\/02\/IMG_3088-1536x1391.jpeg 1536w, https:\/\/www.diocesitn.it\/seminario\/wp-content\/uploads\/sites\/41\/2026\/02\/IMG_3088-2048x1855.jpeg 2048w, https:\/\/www.diocesitn.it\/seminario\/wp-content\/uploads\/sites\/41\/2026\/02\/IMG_3088-800x725.jpeg 800w, https:\/\/www.diocesitn.it\/seminario\/wp-content\/uploads\/sites\/41\/2026\/02\/IMG_3088-1200x1087.jpeg 1200w\" sizes=\"auto, (max-width: 300px) 100vw, 300px\" \/><\/p>\n","protected":false},"excerpt":{"rendered":"<p>La vita del seminario si poggia su quattro pilastri: la vita spirituale, la crescita nella fede, nella preghiera e nella conoscenza di Cristo e della sua Parola; la vita comunitaria, vissuta come occasione per crescere<\/p>\n","protected":false},"author":172,"featured_media":0,"parent":0,"menu_order":0,"comment_status":"closed","ping_status":"closed","template":"","meta":{"footnotes":""},"class_list":["post-393","page","type-page","status-publish","hentry"],"acf":{"seed-localization-paese-cod":"IT","seed-localization-address":"","seed-localization-citta":"Trento","seed-localization-regione-cod-istat":"04","seed-localization-citta-cod-istat":"022205","seed-localization-localita":"","seed-localization-cap":"","seed-localization-marker-visibility":false,"seed-localization-children-visibility":false,"seed-localization-kml":"","seed-localization-custom-marker":""},"yoast_head":"<!-- This site is optimized with the Yoast SEO Premium plugin v20.2.1 (Yoast SEO v22.2) - https:\/\/yoast.com\/wordpress\/plugins\/seo\/ -->\n<title>Seminaristi - Seminario Maggiore Arcivescovile<\/title>\n<meta name=\"robots\" content=\"index, follow, max-snippet:-1, max-image-preview:large, max-video-preview:-1\" \/>\n<link rel=\"canonical\" href=\"https:\/\/www.diocesitn.it\/seminario\/seminaristi-2\/\" \/>\n<meta property=\"og:locale\" content=\"it_IT\" \/>\n<meta property=\"og:type\" content=\"article\" \/>\n<meta property=\"og:title\" content=\"Seminaristi\" \/>\n<meta property=\"og:description\" content=\"La vita del seminario si poggia su quattro pilastri: la vita spirituale, la crescita nella fede, nella preghiera e nella conoscenza di Cristo e della sua Parola; la vita comunitaria, vissuta come occasione per crescere\" \/>\n<meta property=\"og:url\" content=\"https:\/\/www.diocesitn.it\/seminario\/seminaristi-2\/\" \/>\n<meta property=\"og:site_name\" content=\"Seminario Maggiore Arcivescovile\" \/>\n<meta property=\"article:publisher\" content=\"https:\/\/www.facebook.com\/seminariotrento\/\" \/>\n<meta property=\"article:modified_time\" content=\"2026-02-19T14:07:04+00:00\" \/>\n<meta property=\"og:image\" content=\"https:\/\/www.diocesitn.it\/seminario\/wp-content\/uploads\/sites\/41\/2026\/02\/IMG_3088-scaled.jpeg\" \/>\n\t<meta property=\"og:image:width\" content=\"2560\" \/>\n\t<meta property=\"og:image:height\" content=\"2319\" \/>\n\t<meta property=\"og:image:type\" content=\"image\/jpeg\" \/>\n<meta name=\"twitter:card\" content=\"summary_large_image\" \/>\n<meta name=\"twitter:label1\" content=\"Tempo di lettura stimato\" \/>\n\t<meta name=\"twitter:data1\" content=\"1 minuto\" \/>\n<script type=\"application\/ld+json\" class=\"yoast-schema-graph\">{\"@context\":\"https:\/\/schema.org\",\"@graph\":[{\"@type\":\"WebPage\",\"@id\":\"https:\/\/www.diocesitn.it\/seminario\/seminaristi-2\/\",\"url\":\"https:\/\/www.diocesitn.it\/seminario\/seminaristi-2\/\",\"name\":\"Seminaristi - Seminario Maggiore Arcivescovile\",\"isPartOf\":{\"@id\":\"https:\/\/www.diocesitn.it\/seminario\/#website\"},\"primaryImageOfPage\":{\"@id\":\"https:\/\/www.diocesitn.it\/seminario\/seminaristi-2\/#primaryimage\"},\"image\":{\"@id\":\"https:\/\/www.diocesitn.it\/seminario\/seminaristi-2\/#primaryimage\"},\"thumbnailUrl\":\"https:\/\/www.diocesitn.it\/seminario\/wp-content\/uploads\/sites\/41\/2026\/02\/IMG_3088-300x272.jpeg\",\"datePublished\":\"2021-11-19T09:15:26+00:00\",\"dateModified\":\"2026-02-19T14:07:04+00:00\",\"breadcrumb\":{\"@id\":\"https:\/\/www.diocesitn.it\/seminario\/seminaristi-2\/#breadcrumb\"},\"inLanguage\":\"it-IT\",\"potentialAction\":[{\"@type\":\"ReadAction\",\"target\":[\"https:\/\/www.diocesitn.it\/seminario\/seminaristi-2\/\"]}]},{\"@type\":\"ImageObject\",\"inLanguage\":\"it-IT\",\"@id\":\"https:\/\/www.diocesitn.it\/seminario\/seminaristi-2\/#primaryimage\",\"url\":\"https:\/\/www.diocesitn.it\/seminario\/wp-content\/uploads\/sites\/41\/2026\/02\/IMG_3088-scaled.jpeg\",\"contentUrl\":\"https:\/\/www.diocesitn.it\/seminario\/wp-content\/uploads\/sites\/41\/2026\/02\/IMG_3088-scaled.jpeg\",\"width\":2560,\"height\":2319},{\"@type\":\"BreadcrumbList\",\"@id\":\"https:\/\/www.diocesitn.it\/seminario\/seminaristi-2\/#breadcrumb\",\"itemListElement\":[{\"@type\":\"ListItem\",\"position\":1,\"name\":\"Home\",\"item\":\"https:\/\/www.diocesitn.it\/seminario\/\"},{\"@type\":\"ListItem\",\"position\":2,\"name\":\"Seminaristi\"}]},{\"@type\":\"WebSite\",\"@id\":\"https:\/\/www.diocesitn.it\/seminario\/#website\",\"url\":\"https:\/\/www.diocesitn.it\/seminario\/\",\"name\":\"Seminario Maggiore Arcivescovile\",\"description\":\"Chiesa di Trento\",\"potentialAction\":[{\"@type\":\"SearchAction\",\"target\":{\"@type\":\"EntryPoint\",\"urlTemplate\":\"https:\/\/www.diocesitn.it\/seminario\/?s={search_term_string}\"},\"query-input\":\"required name=search_term_string\"}],\"inLanguage\":\"it-IT\"},{\"@type\":\"ImageObject\",\"inLanguage\":\"it-IT\",\"@id\":\"https:\/\/www.diocesitn.it\/seminario\/seminaristi-2\/#local-main-organization-logo\",\"url\":\"\",\"contentUrl\":\"\",\"caption\":\"Seminario Maggiore Arcivescovile - Chiesa di Trento\"}]}<\/script>\n<!-- \/ Yoast SEO Premium plugin. -->","yoast_head_json":{"title":"Seminaristi - Seminario Maggiore Arcivescovile","robots":{"index":"index","follow":"follow","max-snippet":"max-snippet:-1","max-image-preview":"max-image-preview:large","max-video-preview":"max-video-preview:-1"},"canonical":"https:\/\/www.diocesitn.it\/seminario\/seminaristi-2\/","og_locale":"it_IT","og_type":"article","og_title":"Seminaristi","og_description":"La vita del seminario si poggia su quattro pilastri: la vita spirituale, la crescita nella fede, nella preghiera e nella conoscenza di Cristo e della sua Parola; la vita comunitaria, vissuta come occasione per crescere","og_url":"https:\/\/www.diocesitn.it\/seminario\/seminaristi-2\/","og_site_name":"Seminario Maggiore Arcivescovile","article_publisher":"https:\/\/www.facebook.com\/seminariotrento\/","article_modified_time":"2026-02-19T14:07:04+00:00","og_image":[{"width":2560,"height":2319,"url":"https:\/\/www.diocesitn.it\/seminario\/wp-content\/uploads\/sites\/41\/2026\/02\/IMG_3088-scaled.jpeg","type":"image\/jpeg"}],"twitter_card":"summary_large_image","twitter_misc":{"Tempo di lettura stimato":"1 minuto"},"schema":{"@context":"https:\/\/schema.org","@graph":[{"@type":"WebPage","@id":"https:\/\/www.diocesitn.it\/seminario\/seminaristi-2\/","url":"https:\/\/www.diocesitn.it\/seminario\/seminaristi-2\/","name":"Seminaristi - Seminario Maggiore Arcivescovile","isPartOf":{"@id":"https:\/\/www.diocesitn.it\/seminario\/#website"},"primaryImageOfPage":{"@id":"https:\/\/www.diocesitn.it\/seminario\/seminaristi-2\/#primaryimage"},"image":{"@id":"https:\/\/www.diocesitn.it\/seminario\/seminaristi-2\/#primaryimage"},"thumbnailUrl":"https:\/\/www.diocesitn.it\/seminario\/wp-content\/uploads\/sites\/41\/2026\/02\/IMG_3088-300x272.jpeg","datePublished":"2021-11-19T09:15:26+00:00","dateModified":"2026-02-19T14:07:04+00:00","breadcrumb":{"@id":"https:\/\/www.diocesitn.it\/seminario\/seminaristi-2\/#breadcrumb"},"inLanguage":"it-IT","potentialAction":[{"@type":"ReadAction","target":["https:\/\/www.diocesitn.it\/seminario\/seminaristi-2\/"]}]},{"@type":"ImageObject","inLanguage":"it-IT","@id":"https:\/\/www.diocesitn.it\/seminario\/seminaristi-2\/#primaryimage","url":"https:\/\/www.diocesitn.it\/seminario\/wp-content\/uploads\/sites\/41\/2026\/02\/IMG_3088-scaled.jpeg","contentUrl":"https:\/\/www.diocesitn.it\/seminario\/wp-content\/uploads\/sites\/41\/2026\/02\/IMG_3088-scaled.jpeg","width":2560,"height":2319},{"@type":"BreadcrumbList","@id":"https:\/\/www.diocesitn.it\/seminario\/seminaristi-2\/#breadcrumb","itemListElement":[{"@type":"ListItem","position":1,"name":"Home","item":"https:\/\/www.diocesitn.it\/seminario\/"},{"@type":"ListItem","position":2,"name":"Seminaristi"}]},{"@type":"WebSite","@id":"https:\/\/www.diocesitn.it\/seminario\/#website","url":"https:\/\/www.diocesitn.it\/seminario\/","name":"Seminario Maggiore Arcivescovile","description":"Chiesa di Trento","potentialAction":[{"@type":"SearchAction","target":{"@type":"EntryPoint","urlTemplate":"https:\/\/www.diocesitn.it\/seminario\/?s={search_term_string}"},"query-input":"required name=search_term_string"}],"inLanguage":"it-IT"},{"@type":"ImageObject","inLanguage":"it-IT","@id":"https:\/\/www.diocesitn.it\/seminario\/seminaristi-2\/#local-main-organization-logo","url":"","contentUrl":"","caption":"Seminario Maggiore Arcivescovile - Chiesa di Trento"}]}},"_links":{"self":[{"href":"https:\/\/www.diocesitn.it\/seminario\/wp-json\/wp\/v2\/pages\/393","targetHints":{"allow":["GET"]}}],"collection":[{"href":"https:\/\/www.diocesitn.it\/seminario\/wp-json\/wp\/v2\/pages"}],"about":[{"href":"https:\/\/www.diocesitn.it\/seminario\/wp-json\/wp\/v2\/types\/page"}],"author":[{"embeddable":true,"href":"https:\/\/www.diocesitn.it\/seminario\/wp-json\/wp\/v2\/users\/172"}],"replies":[{"embeddable":true,"href":"https:\/\/www.diocesitn.it\/seminario\/wp-json\/wp\/v2\/comments?post=393"}],"version-history":[{"count":4,"href":"https:\/\/www.diocesitn.it\/seminario\/wp-json\/wp\/v2\/pages\/393\/revisions"}],"predecessor-version":[{"id":1212,"href":"https:\/\/www.diocesitn.it\/seminario\/wp-json\/wp\/v2\/pages\/393\/revisions\/1212"}],"wp:attachment":[{"href":"https:\/\/www.diocesitn.it\/seminario\/wp-json\/wp\/v2\/media?parent=393"}],"curies":[{"name":"wp","href":"https:\/\/api.w.org\/{rel}","templated":true}]}}

<p>La vita del seminario si poggia su quattro pilastri:</p>
<ul>
<li>la <strong>vita spirituale</strong>, la crescita nella fede, nella preghiera e nella conoscenza di Cristo e della sua Parola;</li>
<li>la <strong>vita comunitaria</strong>, vissuta come occasione per crescere nell&#8217;amicizia e nella stima reciproca;</li>
<li>lo <strong>studio</strong>, l&#8217;approfondimento della teologia e delle Scritture;</li>
<li>l&#8217;<strong>esperienza pastorale</strong> nelle parrocchie, in carcere, con gli anziani, con i malati, con i giovani&#8230;</li>
</ul>
<p>&nbsp;</p>
<div>
<p>Le nostre giornate sono scandite dai momenti di preghiera, dalla frequenza dello Studio Teologico, dalle occasioni di formazione e di servizio e, soprattutto, dalla vita comunitaria. Dal lunedì al venerdì siamo in seminario, mentre il fine settimana è dedicato all&#8217;esperienza pastorale, in parrocchia o con incontri e ritiri per ragazzi e giovani.</p>
</div>
<p>&nbsp;</p>
<p>Attualmente, nella comunità del Seminario maggiore di Trento e Belluno-Feltre sono presenti 4 seminaristi.</p>
<p>&nbsp;</p>
<p>&nbsp;</p>
<p><img loading="lazy" decoding="async" class="alignnone size-medium wp-image-1209" src="https://www.diocesitn.it/seminario/wp-content/uploads/sites/41/2026/02/IMG_3088-300x272.jpeg" alt="" width="300" height="272" srcset="https://www.diocesitn.it/seminario/wp-content/uploads/sites/41/2026/02/IMG_3088-300x272.jpeg 300w, https://www.diocesitn.it/seminario/wp-content/uploads/sites/41/2026/02/IMG_3088-1024x927.jpeg 1024w, https://www.diocesitn.it/seminario/wp-content/uploads/sites/41/2026/02/IMG_3088-768x696.jpeg 768w, https://www.diocesitn.it/seminario/wp-content/uploads/sites/41/2026/02/IMG_3088-309x280.jpeg 309w, https://www.diocesitn.it/seminario/wp-content/uploads/sites/41/2026/02/IMG_3088-848x768.jpeg 848w, https://www.diocesitn.it/seminario/wp-content/uploads/sites/41/2026/02/IMG_3088-1536x1391.jpeg 1536w, https://www.diocesitn.it/seminario/wp-content/uploads/sites/41/2026/02/IMG_3088-2048x1855.jpeg 2048w, https://www.diocesitn.it/seminario/wp-content/uploads/sites/41/2026/02/IMG_3088-800x725.jpeg 800w, https://www.diocesitn.it/seminario/wp-content/uploads/sites/41/2026/02/IMG_3088-1200x1087.jpeg 1200w" sizes="auto, (max-width: 300px) 100vw, 300px" /></p>
