{"version":"1.0","provider_name":"Seminario Maggiore Arcivescovile","provider_url":"https:\/\/www.diocesitn.it\/seminario","title":"Il nostro gioved\u00ec sera come un ospite amico","type":"rich","width":600,"height":338,"html":"<blockquote class=\"wp-embedded-content\" data-secret=\"zp2I7vOVmk\"><a href=\"https:\/\/www.diocesitn.it\/seminario\/2022\/05\/12\/512\/\">Il nostro gioved\u00ec sera come un ospite amico<\/a><\/blockquote><iframe sandbox=\"allow-scripts\" security=\"restricted\" src=\"https:\/\/www.diocesitn.it\/seminario\/2022\/05\/12\/512\/embed\/#?secret=zp2I7vOVmk\" width=\"600\" height=\"338\" title=\"&#8220;Il nostro gioved\u00ec sera come un ospite amico&#8221; &#8212; Seminario Maggiore Arcivescovile\" data-secret=\"zp2I7vOVmk\" frameborder=\"0\" marginwidth=\"0\" marginheight=\"0\" scrolling=\"no\" class=\"wp-embedded-content\"><\/iframe><script type=\"text\/javascript\">\n\/* <![CDATA[ *\/\n\/*! This file is auto-generated *\/\n!function(d,l){\"use strict\";l.querySelector&&d.addEventListener&&\"undefined\"!=typeof URL&&(d.wp=d.wp||{},d.wp.receiveEmbedMessage||(d.wp.receiveEmbedMessage=function(e){var t=e.data;if((t||t.secret||t.message||t.value)&&!\/[^a-zA-Z0-9]\/.test(t.secret)){for(var s,r,n,a=l.querySelectorAll('iframe[data-secret=\"'+t.secret+'\"]'),o=l.querySelectorAll('blockquote[data-secret=\"'+t.secret+'\"]'),c=new RegExp(\"^https?:$\",\"i\"),i=0;i<o.length;i++)o[i].style.display=\"none\";for(i=0;i<a.length;i++)s=a[i],e.source===s.contentWindow&&(s.removeAttribute(\"style\"),\"height\"===t.message?(1e3<(r=parseInt(t.value,10))?r=1e3:~~r<200&&(r=200),s.height=r):\"link\"===t.message&&(r=new URL(s.getAttribute(\"src\")),n=new URL(t.value),c.test(n.protocol))&&n.host===r.host&&l.activeElement===s&&(d.top.location.href=t.value))}},d.addEventListener(\"message\",d.wp.receiveEmbedMessage,!1),l.addEventListener(\"DOMContentLoaded\",function(){for(var e,t,s=l.querySelectorAll(\"iframe.wp-embedded-content\"),r=0;r<s.length;r++)(t=(e=s[r]).getAttribute(\"data-secret\"))||(t=Math.random().toString(36).substring(2,12),e.src+=\"#?secret=\"+t,e.setAttribute(\"data-secret\",t)),e.contentWindow.postMessage({message:\"ready\",secret:t},\"*\")},!1)))}(window,document);\n\/* ]]> *\/\n<\/script>\n","thumbnail_url":"https:\/\/www.diocesitn.it\/seminario\/wp-content\/uploads\/sites\/41\/2022\/05\/immagine-famiglia-articolo-come-amici-scaled.jpg","thumbnail_width":1707,"thumbnail_height":2560,"description":"Una delle attivit\u00e0 che da quest\u2019anno \u00e8 stata lanciata per noi seminaristi \u00e8 quella di condividere un pasto serale con una famiglia diversa da quella nostra di origine. Ogni gioved\u00ec ci ritroviamo nella famiglia che"}

Il nostro giovedì sera come un ospite amico

<blockquote class="wp-embedded-content" data-secret="zp2I7vOVmk"><a href="https://www.diocesitn.it/seminario/2022/05/12/512/">Il nostro giovedì sera come un ospite amico</a></blockquote><iframe sandbox="allow-scripts" security="restricted" src="https://www.diocesitn.it/seminario/2022/05/12/512/embed/#?secret=zp2I7vOVmk" width="600" height="338" title="&#8220;Il nostro giovedì sera come un ospite amico&#8221; &#8212; Seminario Maggiore Arcivescovile" data-secret="zp2I7vOVmk" frameborder="0" marginwidth="0" marginheight="0" scrolling="no" class="wp-embedded-content"></iframe><script type="text/javascript">
/* <![CDATA[ */
/*! This file is auto-generated */
!function(d,l){"use strict";l.querySelector&&d.addEventListener&&"undefined"!=typeof URL&&(d.wp=d.wp||{},d.wp.receiveEmbedMessage||(d.wp.receiveEmbedMessage=function(e){var t=e.data;if((t||t.secret||t.message||t.value)&&!/[^a-zA-Z0-9]/.test(t.secret)){for(var s,r,n,a=l.querySelectorAll('iframe[data-secret="'+t.secret+'"]'),o=l.querySelectorAll('blockquote[data-secret="'+t.secret+'"]'),c=new RegExp("^https?:$","i"),i=0;i<o.length;i++)o[i].style.display="none";for(i=0;i<a.length;i++)s=a[i],e.source===s.contentWindow&&(s.removeAttribute("style"),"height"===t.message?(1e3<(r=parseInt(t.value,10))?r=1e3:~~r<200&&(r=200),s.height=r):"link"===t.message&&(r=new URL(s.getAttribute("src")),n=new URL(t.value),c.test(n.protocol))&&n.host===r.host&&l.activeElement===s&&(d.top.location.href=t.value))}},d.addEventListener("message",d.wp.receiveEmbedMessage,!1),l.addEventListener("DOMContentLoaded",function(){for(var e,t,s=l.querySelectorAll("iframe.wp-embedded-content"),r=0;r<s.length;r++)(t=(e=s[r]).getAttribute("data-secret"))||(t=Math.random().toString(36).substring(2,12),e.src+="#?secret="+t,e.setAttribute("data-secret",t)),e.contentWindow.postMessage({message:"ready",secret:t},"*")},!1)))}(window,document);
/* ]]> */
</script>

Una delle attività che da quest’anno è stata lanciata per noi seminaristi è quella di condividere un pasto serale con una famiglia diversa da quella nostra di origine. Ogni giovedì ci ritroviamo nella famiglia che
