{"id":710,"date":"2017-07-28T08:39:57","date_gmt":"2017-07-28T06:39:57","guid":{"rendered":"https:\/\/www.diocesitn.it\/clero\/?page_id=710"},"modified":"2024-04-17T16:57:33","modified_gmt":"2024-04-17T14:57:33","slug":"2009-2","status":"publish","type":"page","link":"https:\/\/www.diocesitn.it\/clero\/lutto-nel-clero\/2009-2\/","title":{"rendered":"2009"},"content":{"rendered":"<p><strong>Ricordiamo nella preghiera, assieme alle loro famiglie e comunit\u00e0, i 10 presbiteri diocesani deceduti nel corso dell&#8217;anno 2009.<\/strong><\/p>\n<p>&nbsp;<\/p>\n<p><strong>Boschi <\/strong><strong>don Carmelo<\/strong>, di anni 76<br \/>\nVolano, 23 novembre 2009.<\/p>\n<p>Nato a Volano il 26 settembre 1933, \u00e8 stato vicario parrocchiale a Tezze (1960-1961), Pinzolo (1961-62), Folgaria (1962-63), Gardolo (1963-64), Milano Ss. Martiri (1967-69); parroco a Villa di Strigno (1969-77), Crosano (1977-86), Tiarno di Sopra (1986-1994); collaboratore pastorale a Mama d&#8217;Avio (1994-2003); residente a Volano dal 1995.<br \/>\nIl funerale \u00e8 stato celebrato mercoled\u00ec 25 novembre alle 14.30 a Volano.<\/p>\n<p>&nbsp;<\/p>\n<p><strong>Tomasi <\/strong><strong>don Gianni<\/strong>, di anni 77.<br \/>\nPian del Levro, 4 novembre 2009.<\/p>\n<p>Nato a Povo il 21 settembre 1932, venne ordinato sacerdote a Trento il 22 marzo 1958. Fu prefetto del Seminario minore (1958-1965), cappellano a Rovereto S. Marco (1965-1966); direttore dell&#8217;Oratorio Rosmini e catechista a Rovereto (1966-1971); ancora catechista e animatore dei gruppi ecclesiali (1971-1986). Trascorse un anno sabbatico a Gerusalemme (1986-87) per poi divenire responsabile della Piccola Fraternit\u00e0 di Ges\u00f9 a Pian del Levro (1987-2003) e poi della Comunit\u00e0 monastica, consacrata ufficialmente nel 2003.<br \/>\nIl funerale \u00e8 stato celebrato nella chiesa parrocchiale di Vanza (Trambileno) venerd\u00ec 6 novembre, alle ore 14.00.<\/p>\n<p>&nbsp;<\/p>\n<p><strong>Bertolini <\/strong><strong>don Vincenzo<\/strong>, di anni 89.<br \/>\nTrento, 16 ottobre 2009.<\/p>\n<p>Nato a Vermiglio, il 28 ottobre 1919, venne ordinato sacerdote a Trento il 10 aprile 1943. Fu vicario parrocchiale ad Aldeno (1943-1946) e a Mori (1946-1949); catechista a Merano (1949-1955); parroco a Lizzanella (1955-1965); parroco decano di Villalagarina (1965-1980); parroco a Besagno (1980-2005), poi residente alla casa di riposo di Mori e alla Casa del Clero di Trento.<br \/>\nIl funerale \u00e8 stato celebrato luned\u00ec 19 ottobre a Vermiglio alle ore 15.00.<\/p>\n<p>&nbsp;<\/p>\n<p><strong>Iseppi <\/strong><strong>don Luigi<\/strong>, di anni 96.<br \/>\nVo&#8217; Sinistro, 27 settembre 2009.<\/p>\n<p>Nato a Campiello di Levico, il 14 giugno 1913, venne ordinato sacerdote presso gli Oblati di San Giuseppe ad Asti il 14 aprile 1940. Fu collaboratore pastorale a Vo&#8217; d&#8217;Avio (1973-1980), incardinato in Diocesi nel 1982, parroco a Borghetto (1980-1997), quindi residente a Vo&#8217; Sinistro dal 1997.<br \/>\nIl funerale \u00e8 stato celebrato nella chiesa parrocchiale di Vo&#8217; Sinistro marted\u00ec 29 settembre, alle ore 15.00.<\/p>\n<p>&nbsp;<\/p>\n<p><strong>Delaiti <\/strong><strong>don Claudio<\/strong>, di anni 87<br \/>\nSanta Margherita di Ala, 20 settembre 2009.<\/p>\n<p>Nato ad Nomi il 28 novembre 1921, venne ordinato sacerdote a Cles il 17 marzo 1945. Fu vicario parrocchiale a Moena (1945-46), Bleggio S. Croce (1946-48), curato a Guardia (1948-57); parroco a Ischia (1957-69), Tiarno di Sopra (1969-72); parroco decano a Pieve di Ledro (1972-86); parroco a S. Margherita (1986-2003); amministratore parrocchiale a Pilcante (1987-88) e a Serravalle (1998-2002).<br \/>\nIl funerale \u00e8 stato celebrato a Santa Margherita marted\u00ec 22 settembre, alle ore 15.30.<\/p>\n<p>&nbsp;<\/p>\n<p><strong>Zanol <\/strong><strong>don Giovanni<\/strong>, di anni 86<strong><br \/>\n<\/strong>Trento, 17 agosto 2009.<\/p>\n<p>Nato a Capriana il 29 luglio 1923, venne ordinato sacerdote a Trento il 27 giugno 1948. Fu vicario parrocchiale Pinzolo (1948-1950), S. Lorenzo in Banale (1959-52) e Levico (1952.54); parroco a Montalbiano (1954-1966) e Caoria (1966-74); impiegato in Curia presso l&#8217;Ufficio amministrativo (1974-2008). Dal 2008 era collaboratore pastorale presso la parrocchia del Santissimo Sacramento a Trento.<\/p>\n<p>&nbsp;<\/p>\n<p><strong>Cadrobbi <\/strong><strong>don Riccardo<\/strong>, di anni 84<strong><br \/>\n<\/strong>Trento, 3 agosto 2009.<\/p>\n<p>Nato a Baselga di Pin\u00e8 il 24 settembre 1924, venne ordinato sacerdote a Trento il 29 giugno 1950. Fu prefetto del Seminario maggiore (1950-52); vicario parrocchiale a Vigo Lomaso (1952-56); parroco a Dorsino (1956-64), Brez (1964-71), Trento S. Carlo (1971-84), Brusago e Bedollo (1984-2002). Dal 2002 era residente a Brusago e collaboratore pastorale del decanato di Pin\u00e8.<\/p>\n<p>&nbsp;<\/p>\n<p><strong>Rizzardi mons.<\/strong><strong> Luigi<\/strong>, di anni 85<strong><br \/>\n<\/strong>Trento, 11 luglio 2009.<\/p>\n<p>Nato a Coredo il 21 settembre 1923, venne ordinato sacerdote a Trento il 29 giugno 1947. Effettuati gli studi di diritto canonico alla Lateranense di Roma (1947-51), fu prefettto e professore del Seminario (1951-56), impiegato in Curia presso l&#8217;Ufficio matrimoni (1956-2000); cancelliere vescovile (1965-2000); vicario giudiziale (1982-2000), vicario giudiziale regionale (1984-1990). Dal 2000 era residente alla Casa del Clero.<br \/>\nIl funerale \u00e8 stato celebrato a Trento, in cattedrale, marted\u00ec 14 luglio alle ore 14.30.<\/p>\n<p>&nbsp;<\/p>\n<p><strong>Planchensteiner <\/strong><strong>don Mario <\/strong>, di anni 85.<br \/>\nTrento, 26 aprile 2009.<\/p>\n<p>Nato ad Arco il 23 marzo 1924, venne ordinato sacerdote a Trento il 29 giugno 1947. Fu vicario parrocchiale a Gardolo (1947-48), Castello Tesino (1948), Trento &#8216; San Giuseppe (1948-52); parroco a Castello Tesino (1952-66); docente e catechista al Collegio Arcivescovile (1966-89); residente a Cognola (1989-2003) e a Trento, presso la Casa del clero (2003-2009).<br \/>\nIl funerale \u00e8 stato celebrato a Cognola marted\u00ec 28 aprile, alle ore 14.30.<\/p>\n<p>&nbsp;<\/p>\n<p><strong>Chiocchetti <\/strong><strong>don Giovanni Battista<\/strong>, di anni 83<strong><br \/>\n<\/strong>Someda, 1 febbraio 2009.<\/p>\n<p>Nato a Moena il 20 aprile 1925, venne ordinato sacerdote a Trento il 29 giugno 1950. Fu vicario parrocchiale a Terragnolo (1950-53); curato a Roveda (1953-56); parroco a Lisignago (1956-69), Capriana (1969-79), Varena (1979-91), Soraga (1991-2005). Dal 2005 era residente a Someda.<\/p>\n","protected":false},"excerpt":{"rendered":"<p>Ricordiamo nella preghiera, assieme alle loro famiglie e comunit\u00e0, i 10 presbiteri diocesani deceduti nel corso dell&#8217;anno 2009. &nbsp; Boschi don Carmelo, di anni 76 Volano, 23 novembre 2009. Nato a Volano il 26 settembre<\/p>\n","protected":false},"author":4,"featured_media":0,"parent":707,"menu_order":9,"comment_status":"closed","ping_status":"closed","template":"","meta":{"footnotes":""},"class_list":["post-710","page","type-page","status-publish","hentry"],"acf":{"seed-localization-paese-cod":"","seed-localization-address":"","seed-localization-citta":"","seed-localization-regione-cod-istat":"","seed-localization-citta-cod-istat":"","seed-localization-localita":"","seed-localization-cap":"","seed-localization-marker-visibility":false,"seed-localization-children-visibility":false,"seed-localization-kml":"","seed-localization-custom-marker":""},"yoast_head":"<!-- This site is optimized with the Yoast SEO Premium plugin v20.2.1 (Yoast SEO v22.2) - https:\/\/yoast.com\/wordpress\/plugins\/seo\/ -->\n<title>2009 - Clero<\/title>\n<meta name=\"robots\" content=\"index, follow, max-snippet:-1, max-image-preview:large, max-video-preview:-1\" \/>\n<link rel=\"canonical\" href=\"https:\/\/www.diocesitn.it\/clero\/lutto-nel-clero\/2009-2\/\" \/>\n<meta property=\"og:locale\" content=\"it_IT\" \/>\n<meta property=\"og:type\" content=\"article\" \/>\n<meta property=\"og:title\" content=\"2009\" \/>\n<meta property=\"og:description\" content=\"Ricordiamo nella preghiera, assieme alle loro famiglie e comunit\u00e0, i 10 presbiteri diocesani deceduti nel corso dell&#8217;anno 2009. &nbsp; Boschi don Carmelo, di anni 76 Volano, 23 novembre 2009. Nato a Volano il 26 settembre\" \/>\n<meta property=\"og:url\" content=\"https:\/\/www.diocesitn.it\/clero\/lutto-nel-clero\/2009-2\/\" \/>\n<meta property=\"og:site_name\" content=\"Clero\" \/>\n<meta property=\"article:modified_time\" content=\"2024-04-17T14:57:33+00:00\" \/>\n<meta name=\"twitter:card\" content=\"summary_large_image\" \/>\n<meta name=\"twitter:label1\" content=\"Tempo di lettura stimato\" \/>\n\t<meta name=\"twitter:data1\" content=\"5 minuti\" \/>\n<script type=\"application\/ld+json\" class=\"yoast-schema-graph\">{\"@context\":\"https:\/\/schema.org\",\"@graph\":[{\"@type\":\"WebPage\",\"@id\":\"https:\/\/www.diocesitn.it\/clero\/lutto-nel-clero\/2009-2\/\",\"url\":\"https:\/\/www.diocesitn.it\/clero\/lutto-nel-clero\/2009-2\/\",\"name\":\"2009 - Clero\",\"isPartOf\":{\"@id\":\"https:\/\/www.diocesitn.it\/clero\/#website\"},\"datePublished\":\"2017-07-28T06:39:57+00:00\",\"dateModified\":\"2024-04-17T14:57:33+00:00\",\"breadcrumb\":{\"@id\":\"https:\/\/www.diocesitn.it\/clero\/lutto-nel-clero\/2009-2\/#breadcrumb\"},\"inLanguage\":\"it-IT\",\"potentialAction\":[{\"@type\":\"ReadAction\",\"target\":[\"https:\/\/www.diocesitn.it\/clero\/lutto-nel-clero\/2009-2\/\"]}]},{\"@type\":\"BreadcrumbList\",\"@id\":\"https:\/\/www.diocesitn.it\/clero\/lutto-nel-clero\/2009-2\/#breadcrumb\",\"itemListElement\":[{\"@type\":\"ListItem\",\"position\":1,\"name\":\"Home\",\"item\":\"https:\/\/www.diocesitn.it\/clero\/\"},{\"@type\":\"ListItem\",\"position\":2,\"name\":\"Lutto nel Clero\",\"item\":\"https:\/\/www.diocesitn.it\/clero\/lutto-nel-clero\/\"},{\"@type\":\"ListItem\",\"position\":3,\"name\":\"2009\"}]},{\"@type\":\"WebSite\",\"@id\":\"https:\/\/www.diocesitn.it\/clero\/#website\",\"url\":\"https:\/\/www.diocesitn.it\/clero\/\",\"name\":\"Clero\",\"description\":\"Chiesa di TRENTO\",\"potentialAction\":[{\"@type\":\"SearchAction\",\"target\":{\"@type\":\"EntryPoint\",\"urlTemplate\":\"https:\/\/www.diocesitn.it\/clero\/?s={search_term_string}\"},\"query-input\":\"required name=search_term_string\"}],\"inLanguage\":\"it-IT\"},{\"@type\":\"ImageObject\",\"inLanguage\":\"it-IT\",\"@id\":\"https:\/\/www.diocesitn.it\/clero\/lutto-nel-clero\/2009-2\/#local-main-organization-logo\",\"url\":\"\",\"contentUrl\":\"\",\"caption\":\"Clero\"}]}<\/script>\n<!-- \/ Yoast SEO Premium plugin. -->","yoast_head_json":{"title":"2009 - Clero","robots":{"index":"index","follow":"follow","max-snippet":"max-snippet:-1","max-image-preview":"max-image-preview:large","max-video-preview":"max-video-preview:-1"},"canonical":"https:\/\/www.diocesitn.it\/clero\/lutto-nel-clero\/2009-2\/","og_locale":"it_IT","og_type":"article","og_title":"2009","og_description":"Ricordiamo nella preghiera, assieme alle loro famiglie e comunit\u00e0, i 10 presbiteri diocesani deceduti nel corso dell&#8217;anno 2009. &nbsp; Boschi don Carmelo, di anni 76 Volano, 23 novembre 2009. Nato a Volano il 26 settembre","og_url":"https:\/\/www.diocesitn.it\/clero\/lutto-nel-clero\/2009-2\/","og_site_name":"Clero","article_modified_time":"2024-04-17T14:57:33+00:00","twitter_card":"summary_large_image","twitter_misc":{"Tempo di lettura stimato":"5 minuti"},"schema":{"@context":"https:\/\/schema.org","@graph":[{"@type":"WebPage","@id":"https:\/\/www.diocesitn.it\/clero\/lutto-nel-clero\/2009-2\/","url":"https:\/\/www.diocesitn.it\/clero\/lutto-nel-clero\/2009-2\/","name":"2009 - Clero","isPartOf":{"@id":"https:\/\/www.diocesitn.it\/clero\/#website"},"datePublished":"2017-07-28T06:39:57+00:00","dateModified":"2024-04-17T14:57:33+00:00","breadcrumb":{"@id":"https:\/\/www.diocesitn.it\/clero\/lutto-nel-clero\/2009-2\/#breadcrumb"},"inLanguage":"it-IT","potentialAction":[{"@type":"ReadAction","target":["https:\/\/www.diocesitn.it\/clero\/lutto-nel-clero\/2009-2\/"]}]},{"@type":"BreadcrumbList","@id":"https:\/\/www.diocesitn.it\/clero\/lutto-nel-clero\/2009-2\/#breadcrumb","itemListElement":[{"@type":"ListItem","position":1,"name":"Home","item":"https:\/\/www.diocesitn.it\/clero\/"},{"@type":"ListItem","position":2,"name":"Lutto nel Clero","item":"https:\/\/www.diocesitn.it\/clero\/lutto-nel-clero\/"},{"@type":"ListItem","position":3,"name":"2009"}]},{"@type":"WebSite","@id":"https:\/\/www.diocesitn.it\/clero\/#website","url":"https:\/\/www.diocesitn.it\/clero\/","name":"Clero","description":"Chiesa di TRENTO","potentialAction":[{"@type":"SearchAction","target":{"@type":"EntryPoint","urlTemplate":"https:\/\/www.diocesitn.it\/clero\/?s={search_term_string}"},"query-input":"required name=search_term_string"}],"inLanguage":"it-IT"},{"@type":"ImageObject","inLanguage":"it-IT","@id":"https:\/\/www.diocesitn.it\/clero\/lutto-nel-clero\/2009-2\/#local-main-organization-logo","url":"","contentUrl":"","caption":"Clero"}]}},"_links":{"self":[{"href":"https:\/\/www.diocesitn.it\/clero\/wp-json\/wp\/v2\/pages\/710","targetHints":{"allow":["GET"]}}],"collection":[{"href":"https:\/\/www.diocesitn.it\/clero\/wp-json\/wp\/v2\/pages"}],"about":[{"href":"https:\/\/www.diocesitn.it\/clero\/wp-json\/wp\/v2\/types\/page"}],"author":[{"embeddable":true,"href":"https:\/\/www.diocesitn.it\/clero\/wp-json\/wp\/v2\/users\/4"}],"replies":[{"embeddable":true,"href":"https:\/\/www.diocesitn.it\/clero\/wp-json\/wp\/v2\/comments?post=710"}],"version-history":[{"count":3,"href":"https:\/\/www.diocesitn.it\/clero\/wp-json\/wp\/v2\/pages\/710\/revisions"}],"predecessor-version":[{"id":2250,"href":"https:\/\/www.diocesitn.it\/clero\/wp-json\/wp\/v2\/pages\/710\/revisions\/2250"}],"up":[{"embeddable":true,"href":"https:\/\/www.diocesitn.it\/clero\/wp-json\/wp\/v2\/pages\/707"}],"wp:attachment":[{"href":"https:\/\/www.diocesitn.it\/clero\/wp-json\/wp\/v2\/media?parent=710"}],"curies":[{"name":"wp","href":"https:\/\/api.w.org\/{rel}","templated":true}]}}