{"id":1969,"date":"2023-02-01T15:38:36","date_gmt":"2023-02-01T14:38:36","guid":{"rendered":"https:\/\/www.diocesitn.it\/clero\/?page_id=1969"},"modified":"2024-04-17T16:51:20","modified_gmt":"2024-04-17T14:51:20","slug":"2023-2","status":"publish","type":"page","link":"https:\/\/www.diocesitn.it\/clero\/lutto-nel-clero\/2023-2\/","title":{"rendered":"2023"},"content":{"rendered":"<p><strong>don Beniamino Zanotelli<\/strong>, di anni 84.<br \/>\nTrento, 1 febbraio 2023.<\/p>\n<p>Nato a Livo in Val di Non, fu ordinato a Padova nei frati Minori conventuali nel 1966. Dapprima venne incardinato nell&#8217;Arcidiocesi di Santa F\u00e8 de la Vera Cruz (Argentina), dove rimase fino al suo rientro in Trentino: collaboratore pastorale in Val di Non dal 2015 al 2019, fu ufficialmente incardinato nell&#8217;Arcidiocesi di Trento nel 2017. Poi residente alla Casa del Clero di Trento, dove si \u00e8 spento.<\/p>\n<p>Il funerale \u00e8 stato celebrato a Brez sabato 4 febbraio alle ore 15.<\/p>\n<hr \/>\n<p><strong>don Maurizio Gottardi<\/strong>, di anni 85.<br \/>\nTrento, 16 marzo 2023.<\/p>\n<p>Nato a Valvestino (BS), fu ordinato a Trento nel 1965; viceparroco a Rovereto S. Famiglia 1965-1966; missionario in Brasile\/Diocesi Bag\u00e9 1966-2015; collaboratore pastorale Valle dei Laghi 2015-2021; residente a Polpenazze del Garda (BS) 2021-2022. Residente alla Casa del Clero dal 2023.<\/p>\n<p>Il funerale \u00e8 stato celebrato venerd\u00ec 17 marzo ad ore 17.00 nella chiesa parrocchiale di Pietramurata.<\/p>\n<hr \/>\n<p><strong>don Dario Torboli<\/strong>, di anni 92.<br \/>\nPortalegre (Brasile), 19 marzo 2023.<\/p>\n<p>Nato a Massone di Arco nel 1930, fu ordinato a Trento nel 1955; viceparroco a Civezzano (1955-1958) e Trento nella parrocchia di San Vigilio (1958-1964), quindi vicerettore del Collegio Arcivescovile (1964-1970). Nel 1970 prese la via della missione, destinazione Portalegre in Brasile, nella\u00a0Diocesi di Mossor\u00f2, dove ha poi operato per oltre cinquant\u2019anni e dove si \u00e8 spento nella serata di domenica 19 marzo.<\/p>\n<p>Il funerale \u00e8 stato celebrato a Partalegre luned\u00ec 20 marzo, presieduto dal vescovo trentino di Mossor\u00f2 don Mariano Manzana. Don Dario riposa nel \u201csuo\u201d Brasile.<\/p>\n<hr \/>\n<p style=\"text-align: left;\"><strong>don Tullio Maraner <\/strong>di anni 82 anni.<br \/>\n<span style=\"font-size: inherit;\">Trento, 18 giugno 2023\u00a0<\/span><\/p>\n<p>Nato a Sant\u2019Anna di Vallarsa nel 1940, venne ordinato a Trento nel 1966. Fu vicario parrocchiale a Gardolo (1966-1969), Predazzo (1969-1973), quindi parroco a Imer (1973-1987), Segonzano (1987-2000), Ziano e Panchi\u00e0 (2000-2015). Collaboratore pastorale del decanato di Cavalese (2015-2016) e del decanato di Mori (2017-2021). Dal 2021 era residente alla Casa del Clero.<\/p>\n<p>Il funerale \u00e8 stato celebrato mercoled\u00ec 21 giugno nella chiesa parrocchiale di Sant\u2019Anna di Vallarsa.<\/p>\n<hr \/>\n<p><strong>don Mario Sartori<\/strong>, di anni 90.<br \/>\nLedro, 30 luglio 2023<\/p>\n<p>Nato a Lenzumo, fu ordinato a Trento nel 1959. Fu vicario parrocchiale a Terragnolo (1960-1961), Nomi (1961-1962), Noriglio (1962-1966). Divenne quindi parroco a Ronco Cainari (1966-1970), Vigo Lomaso (1970), Decano nel Lomaso (1979-1992), parroco a Tiarno di Sotto (1992-2001), Tiarno di Sopra (1994-2001), decano di Ledro (1992-2001). Negli ultimi anni fu cappellano alla RSA di Bezzecca (2001-2014) e collaboratore pastorale dell&#8217;unit\u00e0 pastorale Valle di Ledro, e da ultimo residente a Pieve di Ledro.<\/p>\n<p>Il funerale \u00e8 stato celebrato marted\u00ec 1 agosto ad ore 17:00 nella chiesa di Lenzumo (Ledro).<\/p>\n<hr \/>\n<p><strong>mons. Marco Giuliani<\/strong>, di anni 95.<br \/>\nTrento, 8 agosto 2023.<\/p>\n<p>Nato a Dambel nel 1927, fu ordinato a Trento nel 1951. Fu quindi viceparroco ad Aldeno (1951-1955) e a Trento S. Pietro (1955-1959),\u00a0 parroco ai Solteri (1959-1969),\u00a0 delegato per la pastorale parrocchiale (1969-1979) e parroco a S. Agnese (1970-1973), quindi rettore di S. Francesco Saverio (1975-1977), parroco di S. Pietro a Trento (1977-2003) con il ruolo di decano di Trento (1979-1984) e delegato di Zona (1984-1994). Presidente della Casa del clero (1994-2008), penitenziere della Cattedrale (2004-2017) e dal 2003 canonico arcidiacono. Dal 2017 era residente alla Casa del Clero dove si \u00e8 spento.<\/p>\n<p>Il funerale \u00e8 stato celebrato venerd\u00ec 11 agosto alle ore 10 in Cattedrale e alle 14.30 a Dambel.<\/p>\n","protected":false},"excerpt":{"rendered":"<p>don Beniamino Zanotelli, di anni 84. Trento, 1 febbraio 2023. Nato a Livo in Val di Non, fu ordinato a Padova nei frati Minori conventuali nel 1966. Dapprima venne incardinato nell&#8217;Arcidiocesi di Santa F\u00e8 de<\/p>\n","protected":false},"author":168,"featured_media":0,"parent":707,"menu_order":0,"comment_status":"closed","ping_status":"closed","template":"","meta":{"footnotes":""},"class_list":["post-1969","page","type-page","status-publish","hentry"],"acf":{"seed-localization-paese-cod":"","seed-localization-address":"","seed-localization-citta":"","seed-localization-regione-cod-istat":"","seed-localization-citta-cod-istat":"","seed-localization-localita":"","seed-localization-cap":"","seed-localization-marker-visibility":false,"seed-localization-children-visibility":false,"seed-localization-kml":"","seed-localization-custom-marker":""},"yoast_head":"<!-- This site is optimized with the Yoast SEO Premium plugin v20.2.1 (Yoast SEO v22.2) - https:\/\/yoast.com\/wordpress\/plugins\/seo\/ -->\n<title>2023 - Clero<\/title>\n<meta name=\"robots\" content=\"index, follow, max-snippet:-1, max-image-preview:large, max-video-preview:-1\" \/>\n<link rel=\"canonical\" href=\"https:\/\/www.diocesitn.it\/clero\/lutto-nel-clero\/2023-2\/\" \/>\n<meta property=\"og:locale\" content=\"it_IT\" \/>\n<meta property=\"og:type\" content=\"article\" \/>\n<meta property=\"og:title\" content=\"2023\" \/>\n<meta property=\"og:description\" content=\"don Beniamino Zanotelli, di anni 84. Trento, 1 febbraio 2023. Nato a Livo in Val di Non, fu ordinato a Padova nei frati Minori conventuali nel 1966. Dapprima venne incardinato nell&#8217;Arcidiocesi di Santa F\u00e8 de\" \/>\n<meta property=\"og:url\" content=\"https:\/\/www.diocesitn.it\/clero\/lutto-nel-clero\/2023-2\/\" \/>\n<meta property=\"og:site_name\" content=\"Clero\" \/>\n<meta property=\"article:modified_time\" content=\"2024-04-17T14:51:20+00:00\" \/>\n<meta name=\"twitter:card\" content=\"summary_large_image\" \/>\n<meta name=\"twitter:label1\" content=\"Tempo di lettura stimato\" \/>\n\t<meta name=\"twitter:data1\" content=\"3 minuti\" \/>\n<script type=\"application\/ld+json\" class=\"yoast-schema-graph\">{\"@context\":\"https:\/\/schema.org\",\"@graph\":[{\"@type\":\"WebPage\",\"@id\":\"https:\/\/www.diocesitn.it\/clero\/lutto-nel-clero\/2023-2\/\",\"url\":\"https:\/\/www.diocesitn.it\/clero\/lutto-nel-clero\/2023-2\/\",\"name\":\"2023 - Clero\",\"isPartOf\":{\"@id\":\"https:\/\/www.diocesitn.it\/clero\/#website\"},\"datePublished\":\"2023-02-01T14:38:36+00:00\",\"dateModified\":\"2024-04-17T14:51:20+00:00\",\"breadcrumb\":{\"@id\":\"https:\/\/www.diocesitn.it\/clero\/lutto-nel-clero\/2023-2\/#breadcrumb\"},\"inLanguage\":\"it-IT\",\"potentialAction\":[{\"@type\":\"ReadAction\",\"target\":[\"https:\/\/www.diocesitn.it\/clero\/lutto-nel-clero\/2023-2\/\"]}]},{\"@type\":\"BreadcrumbList\",\"@id\":\"https:\/\/www.diocesitn.it\/clero\/lutto-nel-clero\/2023-2\/#breadcrumb\",\"itemListElement\":[{\"@type\":\"ListItem\",\"position\":1,\"name\":\"Home\",\"item\":\"https:\/\/www.diocesitn.it\/clero\/\"},{\"@type\":\"ListItem\",\"position\":2,\"name\":\"Lutto nel Clero\",\"item\":\"https:\/\/www.diocesitn.it\/clero\/lutto-nel-clero\/\"},{\"@type\":\"ListItem\",\"position\":3,\"name\":\"2023\"}]},{\"@type\":\"WebSite\",\"@id\":\"https:\/\/www.diocesitn.it\/clero\/#website\",\"url\":\"https:\/\/www.diocesitn.it\/clero\/\",\"name\":\"Clero\",\"description\":\"Chiesa di TRENTO\",\"potentialAction\":[{\"@type\":\"SearchAction\",\"target\":{\"@type\":\"EntryPoint\",\"urlTemplate\":\"https:\/\/www.diocesitn.it\/clero\/?s={search_term_string}\"},\"query-input\":\"required name=search_term_string\"}],\"inLanguage\":\"it-IT\"},{\"@type\":\"ImageObject\",\"inLanguage\":\"it-IT\",\"@id\":\"https:\/\/www.diocesitn.it\/clero\/lutto-nel-clero\/2023-2\/#local-main-organization-logo\",\"url\":\"\",\"contentUrl\":\"\",\"caption\":\"Clero\"}]}<\/script>\n<!-- \/ Yoast SEO Premium plugin. -->","yoast_head_json":{"title":"2023 - Clero","robots":{"index":"index","follow":"follow","max-snippet":"max-snippet:-1","max-image-preview":"max-image-preview:large","max-video-preview":"max-video-preview:-1"},"canonical":"https:\/\/www.diocesitn.it\/clero\/lutto-nel-clero\/2023-2\/","og_locale":"it_IT","og_type":"article","og_title":"2023","og_description":"don Beniamino Zanotelli, di anni 84. Trento, 1 febbraio 2023. Nato a Livo in Val di Non, fu ordinato a Padova nei frati Minori conventuali nel 1966. Dapprima venne incardinato nell&#8217;Arcidiocesi di Santa F\u00e8 de","og_url":"https:\/\/www.diocesitn.it\/clero\/lutto-nel-clero\/2023-2\/","og_site_name":"Clero","article_modified_time":"2024-04-17T14:51:20+00:00","twitter_card":"summary_large_image","twitter_misc":{"Tempo di lettura stimato":"3 minuti"},"schema":{"@context":"https:\/\/schema.org","@graph":[{"@type":"WebPage","@id":"https:\/\/www.diocesitn.it\/clero\/lutto-nel-clero\/2023-2\/","url":"https:\/\/www.diocesitn.it\/clero\/lutto-nel-clero\/2023-2\/","name":"2023 - Clero","isPartOf":{"@id":"https:\/\/www.diocesitn.it\/clero\/#website"},"datePublished":"2023-02-01T14:38:36+00:00","dateModified":"2024-04-17T14:51:20+00:00","breadcrumb":{"@id":"https:\/\/www.diocesitn.it\/clero\/lutto-nel-clero\/2023-2\/#breadcrumb"},"inLanguage":"it-IT","potentialAction":[{"@type":"ReadAction","target":["https:\/\/www.diocesitn.it\/clero\/lutto-nel-clero\/2023-2\/"]}]},{"@type":"BreadcrumbList","@id":"https:\/\/www.diocesitn.it\/clero\/lutto-nel-clero\/2023-2\/#breadcrumb","itemListElement":[{"@type":"ListItem","position":1,"name":"Home","item":"https:\/\/www.diocesitn.it\/clero\/"},{"@type":"ListItem","position":2,"name":"Lutto nel Clero","item":"https:\/\/www.diocesitn.it\/clero\/lutto-nel-clero\/"},{"@type":"ListItem","position":3,"name":"2023"}]},{"@type":"WebSite","@id":"https:\/\/www.diocesitn.it\/clero\/#website","url":"https:\/\/www.diocesitn.it\/clero\/","name":"Clero","description":"Chiesa di TRENTO","potentialAction":[{"@type":"SearchAction","target":{"@type":"EntryPoint","urlTemplate":"https:\/\/www.diocesitn.it\/clero\/?s={search_term_string}"},"query-input":"required name=search_term_string"}],"inLanguage":"it-IT"},{"@type":"ImageObject","inLanguage":"it-IT","@id":"https:\/\/www.diocesitn.it\/clero\/lutto-nel-clero\/2023-2\/#local-main-organization-logo","url":"","contentUrl":"","caption":"Clero"}]}},"_links":{"self":[{"href":"https:\/\/www.diocesitn.it\/clero\/wp-json\/wp\/v2\/pages\/1969","targetHints":{"allow":["GET"]}}],"collection":[{"href":"https:\/\/www.diocesitn.it\/clero\/wp-json\/wp\/v2\/pages"}],"about":[{"href":"https:\/\/www.diocesitn.it\/clero\/wp-json\/wp\/v2\/types\/page"}],"author":[{"embeddable":true,"href":"https:\/\/www.diocesitn.it\/clero\/wp-json\/wp\/v2\/users\/168"}],"replies":[{"embeddable":true,"href":"https:\/\/www.diocesitn.it\/clero\/wp-json\/wp\/v2\/comments?post=1969"}],"version-history":[{"count":4,"href":"https:\/\/www.diocesitn.it\/clero\/wp-json\/wp\/v2\/pages\/1969\/revisions"}],"predecessor-version":[{"id":2238,"href":"https:\/\/www.diocesitn.it\/clero\/wp-json\/wp\/v2\/pages\/1969\/revisions\/2238"}],"up":[{"embeddable":true,"href":"https:\/\/www.diocesitn.it\/clero\/wp-json\/wp\/v2\/pages\/707"}],"wp:attachment":[{"href":"https:\/\/www.diocesitn.it\/clero\/wp-json\/wp\/v2\/media?parent=1969"}],"curies":[{"name":"wp","href":"https:\/\/api.w.org\/{rel}","templated":true}]}}