{"id":1532,"date":"2021-05-18T13:04:08","date_gmt":"2021-05-18T11:04:08","guid":{"rendered":"https:\/\/www.diocesitn.it\/clero\/?page_id=1532"},"modified":"2024-04-17T16:51:44","modified_gmt":"2024-04-17T14:51:44","slug":"2021-2","status":"publish","type":"page","link":"https:\/\/www.diocesitn.it\/clero\/lutto-nel-clero\/2021-2\/","title":{"rendered":"2021"},"content":{"rendered":"<p><strong>don Giampaolo Giovanazzi<\/strong>, di anni 86.<br \/>\nAvio, 2 aprile 2021.<\/p>\n<p><span style=\"font-size: inherit;\">Nato ad Arco, v<\/span><span style=\"font-size: inherit; -webkit-text-size-adjust: 100%;\">enne ordinato a Trento nel 1959, fu vicario parrocchiale a Trento in Santa Maria Maggiore (1959-1961), Levico (1961-1963), Trento Sant&#8217;Antonio (1963-1966). <\/span>Studi\u00f2 qundi teologia a Roma, all&#8217;Universit\u00e0 Lateranense (1966-1967) e poi filosofia e pedagogia all&#8217;Universit\u00e0 Salesiana (1967-1970). Fu nominato vicerettore del seminario di Trento (1970-1971) e professore in seminario e catechista (1970-1982). Negli stessi anni fu all&#8217;ufficio catechistico in curia (1975-1982), assistente dell&#8217;Agesci (1980-1985) e assistente regionale MASCI (1993-1994). Delegato della Caritas diocesana (1982-1994), missionario in Brasile (1994-2001), parroco a Chizzola (2001-2003), Serravalle (2002-2003), Ala (2001-2011), Santa Margherita (2003-2011), ed anche decano di Ala (2002-2011). Collaboratore pastorale del decanato di Arco (2011-2012), e di nuovo missionario in Brasile (2012-2013), come ultimo incarico fu assistente spirituale della casa di riposo &#8220;Ubaldo Campagnola&#8221; di Avio, dove risiedeva.<\/p>\n<p>Il funerale \u00e8 stato celebrato mercoled\u00ec 7 aprile alle ore 15 ad Arco nella Collegiata.<\/p>\n<hr \/>\n<p><strong>don Franco Zanon<\/strong>, di anni 89.<br \/>\nMolveno, 17 maggio 2021.<\/p>\n<p>Nato a Cunevo, ordinato sacerdote nel 1958 a Trento; vicario parrocchiale a S.Croce in Bleggio (1958-1963), Mori (1963-1967); parroco a Torbole (1967-1975), Tuenno (1975-2000), Ronzone e Ruffr\u00e8 (2000-2001), a Molveno dal 2001.<\/p>\n<p>Il funerale \u00e8 stato celebrato a Molveno mercoled\u00ec 19 maggio 2021 alle 16.00.<\/p>\n<hr \/>\n<p style=\"text-align: left;\"><strong>don Antonio Dallaserra<\/strong>, di anni 91.<br \/>\nMonclassico, 12 ottobre 2021.<\/p>\n<article id=\"post-23808\" class=\"post-23808 post type-post status-publish format-standard has-post-thumbnail hentry category-clero category-lutto-nel-clero category-notizie\">\n<div class=\"entry-content-post\">\n<p style=\"text-align: left;\">Originario di Piazzola di Rabbi, venne ordinato a Trento il 27 giugno 1954. Fu vicario parrocchiale a Villazzano (1954-1955), Lavarone (1955-1957), e poi parroco a Pracorno (1957-1968), Commezzadura (1968-1973), parroco e decano a Ossana (1973-1994), e poi parroco a Monclassico (1994-2015), dove rimase come collaboratore pastorale fino alla scomparsa.<\/p>\n<p style=\"text-align: left;\">Il funerale \u00e8 stato celebrato gioved\u00ec 14 ottobre alle 14.30 a Monclassico.<\/p>\n<hr \/>\n<p style=\"text-align: left;\"><strong>don Aldo Pizzolli<\/strong>, di anni 83.<br \/>\nTuenno, 19 ottobre 2021.<\/p>\n<p style=\"text-align: left;\">Nato a Tuenno, venne ordinato a Trento nel 1963. Fu quindi vicario parrocchiale a Cognola (1963-1967), Mori (1967-1968), parroco a Bondo (1968-1989), parroco e decano a Denno (1989-2004), Termon (1994-2004), Rev\u00f2 e Cagn\u00f2 (2004-2012), residente a Tuenno dal 2012.<\/p>\n<p style=\"text-align: left;\">Il funerale \u00e8 stato celebrato a Tuenno venerd\u00ec 22 ottobre alle 14.<\/p>\n<hr \/>\n<p><strong>don Silvio Benedetti<\/strong>, di anni 88.<br \/>\nTrento, 21 novembre 2021.<\/p>\n<p>Originario di Cavedine, venne ordinato a Trento nel 1958: fu dapprima vicario parrocchiale a Civezzano (1958-1962), Nomi (1962-1964), catechista a Trento (1964-1978) e assistente di Azione Cattolica (1964-1973), direttore di\u00a0 villa S. Nicol\u00f2 (1975-1982). Divenne quindi parroco a Trento al SS. Sacramento (1983-1996), decano in Pin\u00e8 (1996-2007) e parroco a Baselga di Pin\u00e9 (1996-2009) e Faida (2000-2009) ed infine delegato dell&#8217;Unione Apostolica del Clero (UAC, 2010-2012). Dal 2009 era collaboratore pastorale a Cavedine e assistente spirituale dell&#8217;Apostolato della Preghiera.<\/p>\n<hr \/>\n<p><strong>don Albino Bernard<\/strong>, di anni 88.<br \/>\nPera di Fassa, 26 novembre 2021.<\/p>\n<p>Nato a Pera di Fassa, venne ordinato a Trento nel 1957. Fu quindi vicario parrocchiale a Tezze (1957-1960) e Arco (1960-1965), quindi parroco a Manzano Nomesino (1965-1971), Stravino (1971-1979), Fiav\u00e9 (1979-1994), Trambileno e Vanza Pozzacchio (1994-2015), dove rimase residente poi fino al 2019, prima di ritornare al suo paese natale.<\/p>\n<p>Il funerale \u00e8 stato celebrato marted\u00ec 30 novembre alle 14.30 in chiesa parrocchiale a Pera.<\/p>\n<\/div>\n<\/article>\n","protected":false},"excerpt":{"rendered":"<p>don Giampaolo Giovanazzi, di anni 86. Avio, 2 aprile 2021. Nato ad Arco, venne ordinato a Trento nel 1959, fu vicario parrocchiale a Trento in Santa Maria Maggiore (1959-1961), Levico (1961-1963), Trento Sant&#8217;Antonio (1963-1966). Studi\u00f2<\/p>\n","protected":false},"author":168,"featured_media":0,"parent":707,"menu_order":0,"comment_status":"closed","ping_status":"closed","template":"","meta":{"footnotes":""},"class_list":["post-1532","page","type-page","status-publish","hentry"],"acf":{"seed-localization-paese-cod":"","seed-localization-address":"","seed-localization-citta":"","seed-localization-regione-cod-istat":"","seed-localization-citta-cod-istat":"","seed-localization-localita":"","seed-localization-cap":"","seed-localization-marker-visibility":false,"seed-localization-children-visibility":false,"seed-localization-kml":"","seed-localization-custom-marker":""},"yoast_head":"<!-- This site is optimized with the Yoast SEO Premium plugin v20.2.1 (Yoast SEO v22.2) - https:\/\/yoast.com\/wordpress\/plugins\/seo\/ -->\n<title>2021 - Clero<\/title>\n<meta name=\"robots\" content=\"index, follow, max-snippet:-1, max-image-preview:large, max-video-preview:-1\" \/>\n<link rel=\"canonical\" href=\"https:\/\/www.diocesitn.it\/clero\/lutto-nel-clero\/2021-2\/\" \/>\n<meta property=\"og:locale\" content=\"it_IT\" \/>\n<meta property=\"og:type\" content=\"article\" \/>\n<meta property=\"og:title\" content=\"2021\" \/>\n<meta property=\"og:description\" content=\"don Giampaolo Giovanazzi, di anni 86. Avio, 2 aprile 2021. Nato ad Arco, venne ordinato a Trento nel 1959, fu vicario parrocchiale a Trento in Santa Maria Maggiore (1959-1961), Levico (1961-1963), Trento Sant&#8217;Antonio (1963-1966). Studi\u00f2\" \/>\n<meta property=\"og:url\" content=\"https:\/\/www.diocesitn.it\/clero\/lutto-nel-clero\/2021-2\/\" \/>\n<meta property=\"og:site_name\" content=\"Clero\" \/>\n<meta property=\"article:modified_time\" content=\"2024-04-17T14:51:44+00:00\" \/>\n<meta name=\"twitter:card\" content=\"summary_large_image\" \/>\n<meta name=\"twitter:label1\" content=\"Tempo di lettura stimato\" \/>\n\t<meta name=\"twitter:data1\" content=\"3 minuti\" \/>\n<script type=\"application\/ld+json\" class=\"yoast-schema-graph\">{\"@context\":\"https:\/\/schema.org\",\"@graph\":[{\"@type\":\"WebPage\",\"@id\":\"https:\/\/www.diocesitn.it\/clero\/lutto-nel-clero\/2021-2\/\",\"url\":\"https:\/\/www.diocesitn.it\/clero\/lutto-nel-clero\/2021-2\/\",\"name\":\"2021 - Clero\",\"isPartOf\":{\"@id\":\"https:\/\/www.diocesitn.it\/clero\/#website\"},\"datePublished\":\"2021-05-18T11:04:08+00:00\",\"dateModified\":\"2024-04-17T14:51:44+00:00\",\"breadcrumb\":{\"@id\":\"https:\/\/www.diocesitn.it\/clero\/lutto-nel-clero\/2021-2\/#breadcrumb\"},\"inLanguage\":\"it-IT\",\"potentialAction\":[{\"@type\":\"ReadAction\",\"target\":[\"https:\/\/www.diocesitn.it\/clero\/lutto-nel-clero\/2021-2\/\"]}]},{\"@type\":\"BreadcrumbList\",\"@id\":\"https:\/\/www.diocesitn.it\/clero\/lutto-nel-clero\/2021-2\/#breadcrumb\",\"itemListElement\":[{\"@type\":\"ListItem\",\"position\":1,\"name\":\"Home\",\"item\":\"https:\/\/www.diocesitn.it\/clero\/\"},{\"@type\":\"ListItem\",\"position\":2,\"name\":\"Lutto nel Clero\",\"item\":\"https:\/\/www.diocesitn.it\/clero\/lutto-nel-clero\/\"},{\"@type\":\"ListItem\",\"position\":3,\"name\":\"2021\"}]},{\"@type\":\"WebSite\",\"@id\":\"https:\/\/www.diocesitn.it\/clero\/#website\",\"url\":\"https:\/\/www.diocesitn.it\/clero\/\",\"name\":\"Clero\",\"description\":\"Chiesa di TRENTO\",\"potentialAction\":[{\"@type\":\"SearchAction\",\"target\":{\"@type\":\"EntryPoint\",\"urlTemplate\":\"https:\/\/www.diocesitn.it\/clero\/?s={search_term_string}\"},\"query-input\":\"required name=search_term_string\"}],\"inLanguage\":\"it-IT\"},{\"@type\":\"ImageObject\",\"inLanguage\":\"it-IT\",\"@id\":\"https:\/\/www.diocesitn.it\/clero\/lutto-nel-clero\/2021-2\/#local-main-organization-logo\",\"url\":\"\",\"contentUrl\":\"\",\"caption\":\"Clero\"}]}<\/script>\n<!-- \/ Yoast SEO Premium plugin. -->","yoast_head_json":{"title":"2021 - Clero","robots":{"index":"index","follow":"follow","max-snippet":"max-snippet:-1","max-image-preview":"max-image-preview:large","max-video-preview":"max-video-preview:-1"},"canonical":"https:\/\/www.diocesitn.it\/clero\/lutto-nel-clero\/2021-2\/","og_locale":"it_IT","og_type":"article","og_title":"2021","og_description":"don Giampaolo Giovanazzi, di anni 86. Avio, 2 aprile 2021. Nato ad Arco, venne ordinato a Trento nel 1959, fu vicario parrocchiale a Trento in Santa Maria Maggiore (1959-1961), Levico (1961-1963), Trento Sant&#8217;Antonio (1963-1966). Studi\u00f2","og_url":"https:\/\/www.diocesitn.it\/clero\/lutto-nel-clero\/2021-2\/","og_site_name":"Clero","article_modified_time":"2024-04-17T14:51:44+00:00","twitter_card":"summary_large_image","twitter_misc":{"Tempo di lettura stimato":"3 minuti"},"schema":{"@context":"https:\/\/schema.org","@graph":[{"@type":"WebPage","@id":"https:\/\/www.diocesitn.it\/clero\/lutto-nel-clero\/2021-2\/","url":"https:\/\/www.diocesitn.it\/clero\/lutto-nel-clero\/2021-2\/","name":"2021 - Clero","isPartOf":{"@id":"https:\/\/www.diocesitn.it\/clero\/#website"},"datePublished":"2021-05-18T11:04:08+00:00","dateModified":"2024-04-17T14:51:44+00:00","breadcrumb":{"@id":"https:\/\/www.diocesitn.it\/clero\/lutto-nel-clero\/2021-2\/#breadcrumb"},"inLanguage":"it-IT","potentialAction":[{"@type":"ReadAction","target":["https:\/\/www.diocesitn.it\/clero\/lutto-nel-clero\/2021-2\/"]}]},{"@type":"BreadcrumbList","@id":"https:\/\/www.diocesitn.it\/clero\/lutto-nel-clero\/2021-2\/#breadcrumb","itemListElement":[{"@type":"ListItem","position":1,"name":"Home","item":"https:\/\/www.diocesitn.it\/clero\/"},{"@type":"ListItem","position":2,"name":"Lutto nel Clero","item":"https:\/\/www.diocesitn.it\/clero\/lutto-nel-clero\/"},{"@type":"ListItem","position":3,"name":"2021"}]},{"@type":"WebSite","@id":"https:\/\/www.diocesitn.it\/clero\/#website","url":"https:\/\/www.diocesitn.it\/clero\/","name":"Clero","description":"Chiesa di TRENTO","potentialAction":[{"@type":"SearchAction","target":{"@type":"EntryPoint","urlTemplate":"https:\/\/www.diocesitn.it\/clero\/?s={search_term_string}"},"query-input":"required name=search_term_string"}],"inLanguage":"it-IT"},{"@type":"ImageObject","inLanguage":"it-IT","@id":"https:\/\/www.diocesitn.it\/clero\/lutto-nel-clero\/2021-2\/#local-main-organization-logo","url":"","contentUrl":"","caption":"Clero"}]}},"_links":{"self":[{"href":"https:\/\/www.diocesitn.it\/clero\/wp-json\/wp\/v2\/pages\/1532","targetHints":{"allow":["GET"]}}],"collection":[{"href":"https:\/\/www.diocesitn.it\/clero\/wp-json\/wp\/v2\/pages"}],"about":[{"href":"https:\/\/www.diocesitn.it\/clero\/wp-json\/wp\/v2\/types\/page"}],"author":[{"embeddable":true,"href":"https:\/\/www.diocesitn.it\/clero\/wp-json\/wp\/v2\/users\/168"}],"replies":[{"embeddable":true,"href":"https:\/\/www.diocesitn.it\/clero\/wp-json\/wp\/v2\/comments?post=1532"}],"version-history":[{"count":4,"href":"https:\/\/www.diocesitn.it\/clero\/wp-json\/wp\/v2\/pages\/1532\/revisions"}],"predecessor-version":[{"id":1704,"href":"https:\/\/www.diocesitn.it\/clero\/wp-json\/wp\/v2\/pages\/1532\/revisions\/1704"}],"up":[{"embeddable":true,"href":"https:\/\/www.diocesitn.it\/clero\/wp-json\/wp\/v2\/pages\/707"}],"wp:attachment":[{"href":"https:\/\/www.diocesitn.it\/clero\/wp-json\/wp\/v2\/media?parent=1532"}],"curies":[{"name":"wp","href":"https:\/\/api.w.org\/{rel}","templated":true}]}}

<p><strong>don Giampaolo Giovanazzi</strong>, di anni 86.<br />
Avio, 2 aprile 2021.</p>
<p><span style="font-size: inherit;">Nato ad Arco, v</span><span style="font-size: inherit; -webkit-text-size-adjust: 100%;">enne ordinato a Trento nel 1959, fu vicario parrocchiale a Trento in Santa Maria Maggiore (1959-1961), Levico (1961-1963), Trento Sant&#8217;Antonio (1963-1966). </span>Studiò qundi teologia a Roma, all&#8217;Università Lateranense (1966-1967) e poi filosofia e pedagogia all&#8217;Università Salesiana (1967-1970). Fu nominato vicerettore del seminario di Trento (1970-1971) e professore in seminario e catechista (1970-1982). Negli stessi anni fu all&#8217;ufficio catechistico in curia (1975-1982), assistente dell&#8217;Agesci (1980-1985) e assistente regionale MASCI (1993-1994). Delegato della Caritas diocesana (1982-1994), missionario in Brasile (1994-2001), parroco a Chizzola (2001-2003), Serravalle (2002-2003), Ala (2001-2011), Santa Margherita (2003-2011), ed anche decano di Ala (2002-2011). Collaboratore pastorale del decanato di Arco (2011-2012), e di nuovo missionario in Brasile (2012-2013), come ultimo incarico fu assistente spirituale della casa di riposo &#8220;Ubaldo Campagnola&#8221; di Avio, dove risiedeva.</p>
<p>Il funerale è stato celebrato mercoledì 7 aprile alle ore 15 ad Arco nella Collegiata.</p>
<hr />
<p><strong>don Franco Zanon</strong>, di anni 89.<br />
Molveno, 17 maggio 2021.</p>
<p>Nato a Cunevo, ordinato sacerdote nel 1958 a Trento; vicario parrocchiale a S.Croce in Bleggio (1958-1963), Mori (1963-1967); parroco a Torbole (1967-1975), Tuenno (1975-2000), Ronzone e Ruffrè (2000-2001), a Molveno dal 2001.</p>
<p>Il funerale è stato celebrato a Molveno mercoledì 19 maggio 2021 alle 16.00.</p>
<hr />
<p style="text-align: left;"><strong>don Antonio Dallaserra</strong>, di anni 91.<br />
Monclassico, 12 ottobre 2021.</p>
<article id="post-23808" class="post-23808 post type-post status-publish format-standard has-post-thumbnail hentry category-clero category-lutto-nel-clero category-notizie">
<div class="entry-content-post">
<p style="text-align: left;">Originario di Piazzola di Rabbi, venne ordinato a Trento il 27 giugno 1954. Fu vicario parrocchiale a Villazzano (1954-1955), Lavarone (1955-1957), e poi parroco a Pracorno (1957-1968), Commezzadura (1968-1973), parroco e decano a Ossana (1973-1994), e poi parroco a Monclassico (1994-2015), dove rimase come collaboratore pastorale fino alla scomparsa.</p>
<p style="text-align: left;">Il funerale è stato celebrato giovedì 14 ottobre alle 14.30 a Monclassico.</p>
<hr />
<p style="text-align: left;"><strong>don Aldo Pizzolli</strong>, di anni 83.<br />
Tuenno, 19 ottobre 2021.</p>
<p style="text-align: left;">Nato a Tuenno, venne ordinato a Trento nel 1963. Fu quindi vicario parrocchiale a Cognola (1963-1967), Mori (1967-1968), parroco a Bondo (1968-1989), parroco e decano a Denno (1989-2004), Termon (1994-2004), Revò e Cagnò (2004-2012), residente a Tuenno dal 2012.</p>
<p style="text-align: left;">Il funerale è stato celebrato a Tuenno venerdì 22 ottobre alle 14.</p>
<hr />
<p><strong>don Silvio Benedetti</strong>, di anni 88.<br />
Trento, 21 novembre 2021.</p>
<p>Originario di Cavedine, venne ordinato a Trento nel 1958: fu dapprima vicario parrocchiale a Civezzano (1958-1962), Nomi (1962-1964), catechista a Trento (1964-1978) e assistente di Azione Cattolica (1964-1973), direttore di  villa S. Nicolò (1975-1982). Divenne quindi parroco a Trento al SS. Sacramento (1983-1996), decano in Pinè (1996-2007) e parroco a Baselga di Piné (1996-2009) e Faida (2000-2009) ed infine delegato dell&#8217;Unione Apostolica del Clero (UAC, 2010-2012). Dal 2009 era collaboratore pastorale a Cavedine e assistente spirituale dell&#8217;Apostolato della Preghiera.</p>
<hr />
<p><strong>don Albino Bernard</strong>, di anni 88.<br />
Pera di Fassa, 26 novembre 2021.</p>
<p>Nato a Pera di Fassa, venne ordinato a Trento nel 1957. Fu quindi vicario parrocchiale a Tezze (1957-1960) e Arco (1960-1965), quindi parroco a Manzano Nomesino (1965-1971), Stravino (1971-1979), Fiavé (1979-1994), Trambileno e Vanza Pozzacchio (1994-2015), dove rimase residente poi fino al 2019, prima di ritornare al suo paese natale.</p>
<p>Il funerale è stato celebrato martedì 30 novembre alle 14.30 in chiesa parrocchiale a Pera.</p>
</div>
</article>

<p>don Giampaolo Giovanazzi, di anni 86. Avio, 2 aprile 2021. Nato ad Arco, venne ordinato a Trento nel 1959, fu vicario parrocchiale a Trento in Santa Maria Maggiore (1959-1961), Levico (1961-1963), Trento Sant&#8217;Antonio (1963-1966). Studiò</p>

<!-- This site is optimized with the Yoast SEO Premium plugin v20.2.1 (Yoast SEO v22.2) - https://yoast.com/wordpress/plugins/seo/ -->
<title>2021 - Clero</title>
<meta name="robots" content="index, follow, max-snippet:-1, max-image-preview:large, max-video-preview:-1" />
<link rel="canonical" href="https://www.diocesitn.it/clero/lutto-nel-clero/2021-2/" />
<meta property="og:locale" content="it_IT" />
<meta property="og:type" content="article" />
<meta property="og:title" content="2021" />
<meta property="og:description" content="don Giampaolo Giovanazzi, di anni 86. Avio, 2 aprile 2021. Nato ad Arco, venne ordinato a Trento nel 1959, fu vicario parrocchiale a Trento in Santa Maria Maggiore (1959-1961), Levico (1961-1963), Trento Sant&#8217;Antonio (1963-1966). Studiò" />
<meta property="og:url" content="https://www.diocesitn.it/clero/lutto-nel-clero/2021-2/" />
<meta property="og:site_name" content="Clero" />
<meta property="article:modified_time" content="2024-04-17T14:51:44+00:00" />
<meta name="twitter:card" content="summary_large_image" />
<meta name="twitter:label1" content="Tempo di lettura stimato" />
	<meta name="twitter:data1" content="3 minuti" />
<script type="application/ld+json" class="yoast-schema-graph">{"@context":"https://schema.org","@graph":[{"@type":"WebPage","@id":"https://www.diocesitn.it/clero/lutto-nel-clero/2021-2/","url":"https://www.diocesitn.it/clero/lutto-nel-clero/2021-2/","name":"2021 - Clero","isPartOf":{"@id":"https://www.diocesitn.it/clero/#website"},"datePublished":"2021-05-18T11:04:08+00:00","dateModified":"2024-04-17T14:51:44+00:00","breadcrumb":{"@id":"https://www.diocesitn.it/clero/lutto-nel-clero/2021-2/#breadcrumb"},"inLanguage":"it-IT","potentialAction":[{"@type":"ReadAction","target":["https://www.diocesitn.it/clero/lutto-nel-clero/2021-2/"]}]},{"@type":"BreadcrumbList","@id":"https://www.diocesitn.it/clero/lutto-nel-clero/2021-2/#breadcrumb","itemListElement":[{"@type":"ListItem","position":1,"name":"Home","item":"https://www.diocesitn.it/clero/"},{"@type":"ListItem","position":2,"name":"Lutto nel Clero","item":"https://www.diocesitn.it/clero/lutto-nel-clero/"},{"@type":"ListItem","position":3,"name":"2021"}]},{"@type":"WebSite","@id":"https://www.diocesitn.it/clero/#website","url":"https://www.diocesitn.it/clero/","name":"Clero","description":"Chiesa di TRENTO","potentialAction":[{"@type":"SearchAction","target":{"@type":"EntryPoint","urlTemplate":"https://www.diocesitn.it/clero/?s={search_term_string}"},"query-input":"required name=search_term_string"}],"inLanguage":"it-IT"},{"@type":"ImageObject","inLanguage":"it-IT","@id":"https://www.diocesitn.it/clero/lutto-nel-clero/2021-2/#local-main-organization-logo","url":"","contentUrl":"","caption":"Clero"}]}</script>
<!-- / Yoast SEO Premium plugin. -->

don Giampaolo Giovanazzi, di anni 86. Avio, 2 aprile 2021. Nato ad Arco, venne ordinato a Trento nel 1959, fu vicario parrocchiale a Trento in Santa Maria Maggiore (1959-1961), Levico (1961-1963), Trento Sant&#8217;Antonio (1963-1966). Studiò
