{"id":8966,"date":"2022-10-10T09:32:22","date_gmt":"2022-10-10T07:32:22","guid":{"rendered":"https:\/\/www.diocesitn.it\/area-cultura\/?page_id=8966"},"modified":"2025-10-23T11:20:25","modified_gmt":"2025-10-23T09:20:25","slug":"caccia-alle-streghe","status":"publish","type":"page","link":"https:\/\/www.diocesitn.it\/area-cultura\/chi-siamo-area-cultura\/didattica\/caccia-alle-streghe\/","title":{"rendered":"Caccia alle streghe. Superstizione, paure e pregiudizio in Trentino"},"content":{"rendered":"<p>Per oltre duecento anni, tra il 1501 e il 1716, il Trentino fu teatro di numerosi processi per stregoneria, che spesso si conclusero con la condanna capitale. La caccia contro le \u201cstreghe\u201d fu promossa dall\u2019autorit\u00e0 civile e ebbe inizio in Val di Fassa, per diffondersi poi in tutto il territorio del principato vescovile. Le vittime di questa persecuzione non furono solamente le donne, ma tra gli indagati si trovano anche uomini e fanciulle, accusati dei peggiori crimini e torturati fino alla confessione.<\/p>\n<p>L\u2019analisi di alcuni processi e la ricostruzione del contesto storico permettono di scoprire le ragioni sociali di questo crudele fenomeno. Infatti, le denunce coincidono spesso con fasi di crisi acuta della societ\u00e0, dovute a carestie, epidemie e calamit\u00e0 naturali; e cadono perlopi\u00f9 su figure marginali della societ\u00e0 la cui condotta non \u00e8 del tutto conforme alle regole. Le storie di \u201cstreghe\u201d e \u201cstregoni\u201d svelano come la paura per il \u201cdiverso\u201d cresca soprattutto nelle comunit\u00e0 fragili e in difficolt\u00e0, e come questa paura affondi le sue radici nella superstizione, nel pregiudizio e nell\u2019ignoranza.<\/p>\n<table style=\"border-collapse: collapse;width: 100%;height: 286px\">\n<tbody>\n<tr style=\"height: 56px\">\n<td style=\"width: 151.832px;height: 56px\"><strong>DESTINATARI<\/strong><\/td>\n<td style=\"width: 998.991px;height: 56px\">Scuola media e superiore<\/td>\n<\/tr>\n<tr style=\"height: 46px\">\n<td style=\"width: 151.832px;height: 46px\"><strong>DURATA<\/strong><\/td>\n<td style=\"width: 998.991px;height: 46px\">2 ore<\/td>\n<\/tr>\n<tr style=\"height: 46px\">\n<td style=\"width: 151.832px;height: 46px\"><strong>GIORNI\u00a0<\/strong><\/td>\n<td style=\"width: 998.991px;height: 46px\">su prenotazione<\/td>\n<\/tr>\n<tr style=\"height: 46px\">\n<td style=\"width: 151.832px;height: 46px\"><strong>SEDE<\/strong><\/td>\n<td style=\"width: 998.991px;height: 46px\">Polo culturale Vigilianum &#8211; Trento, via C. Endrici 14<\/td>\n<\/tr>\n<tr style=\"height: 46px\">\n<td style=\"width: 151.832px;height: 46px\"><strong>CONTRIBUTO\u00a0<\/strong><\/td>\n<td style=\"width: 998.991px;height: 46px\">3 euro ad alunno<\/td>\n<\/tr>\n<tr style=\"height: 46px\">\n<td style=\"width: 151.832px;height: 46px\"><strong>PRENOTAZIONI<\/strong><\/td>\n<td style=\"width: 998.991px;height: 46px\">0461-891174 &#8211; archivio@diocesitn.it<\/td>\n<\/tr>\n<\/tbody>\n<\/table>\n<table style=\"border-collapse: collapse;width: 100%\">\n<tbody>\n<tr>\n<td style=\"width: 100%\">\n<pre>Da abbinare con: <strong>Il vestito dell'altro \r\n<\/strong>presso il Museo Diocesano Tridentino (info e prenotazioni 0461-891311 - prenotazioni@mdtn.it)<\/pre>\n<\/td>\n<\/tr>\n<\/tbody>\n<\/table>\n","protected":false},"excerpt":{"rendered":"<p>Per oltre duecento anni, tra il 1501 e il 1716, il Trentino fu teatro di numerosi processi per stregoneria, che spesso si conclusero con la condanna capitale. La caccia contro le \u201cstreghe\u201d fu promossa dall\u2019autorit\u00e0<\/p>\n","protected":false},"author":9,"featured_media":0,"parent":2526,"menu_order":0,"comment_status":"closed","ping_status":"closed","template":"","meta":{"footnotes":""},"class_list":["post-8966","page","type-page","status-publish","hentry"],"acf":{"seed-localization-paese-cod":"IT","seed-localization-address":"","seed-localization-citta":"Trento","seed-localization-regione-cod-istat":"04","seed-localization-citta-cod-istat":"022205","seed-localization-localita":"","seed-localization-cap":"","seed-localization-marker-visibility":false,"seed-localization-children-visibility":false,"seed-localization-kml":"","seed-localization-custom-marker":""},"yoast_head":"<!-- This site is optimized with the Yoast SEO Premium plugin v20.2.1 (Yoast SEO v22.2) - https:\/\/yoast.com\/wordpress\/plugins\/seo\/ -->\n<title>Caccia alle streghe. Superstizione, paure e pregiudizio in Trentino - Cultura<\/title>\n<meta name=\"robots\" content=\"index, follow, max-snippet:-1, max-image-preview:large, max-video-preview:-1\" \/>\n<link rel=\"canonical\" href=\"https:\/\/www.diocesitn.it\/area-cultura\/chi-siamo-area-cultura\/didattica\/caccia-alle-streghe\/\" \/>\n<meta property=\"og:locale\" content=\"it_IT\" \/>\n<meta property=\"og:type\" content=\"article\" \/>\n<meta property=\"og:title\" content=\"Caccia alle streghe. Superstizione, paure e pregiudizio in Trentino\" \/>\n<meta property=\"og:description\" content=\"Per oltre duecento anni, tra il 1501 e il 1716, il Trentino fu teatro di numerosi processi per stregoneria, che spesso si conclusero con la condanna capitale. La caccia contro le \u201cstreghe\u201d fu promossa dall\u2019autorit\u00e0\" \/>\n<meta property=\"og:url\" content=\"https:\/\/www.diocesitn.it\/area-cultura\/chi-siamo-area-cultura\/didattica\/caccia-alle-streghe\/\" \/>\n<meta property=\"og:site_name\" content=\"Cultura\" \/>\n<meta property=\"article:modified_time\" content=\"2025-10-23T09:20:25+00:00\" \/>\n<meta property=\"og:image\" content=\"https:\/\/www.diocesitn.it\/area-cultura\/wp-content\/uploads\/sites\/38\/2021\/09\/og-logo-cultura.jpg\" \/>\n\t<meta property=\"og:image:width\" content=\"1200\" \/>\n\t<meta property=\"og:image:height\" content=\"630\" \/>\n\t<meta property=\"og:image:type\" content=\"image\/jpeg\" \/>\n<meta name=\"twitter:card\" content=\"summary_large_image\" \/>\n<meta name=\"twitter:label1\" content=\"Tempo di lettura stimato\" \/>\n\t<meta name=\"twitter:data1\" content=\"2 minuti\" \/>\n<script type=\"application\/ld+json\" class=\"yoast-schema-graph\">{\"@context\":\"https:\/\/schema.org\",\"@graph\":[{\"@type\":\"WebPage\",\"@id\":\"https:\/\/www.diocesitn.it\/area-cultura\/chi-siamo-area-cultura\/didattica\/caccia-alle-streghe\/\",\"url\":\"https:\/\/www.diocesitn.it\/area-cultura\/chi-siamo-area-cultura\/didattica\/caccia-alle-streghe\/\",\"name\":\"Caccia alle streghe. Superstizione, paure e pregiudizio in Trentino - Cultura\",\"isPartOf\":{\"@id\":\"https:\/\/www.diocesitn.it\/area-cultura\/#website\"},\"datePublished\":\"2022-10-10T07:32:22+00:00\",\"dateModified\":\"2025-10-23T09:20:25+00:00\",\"breadcrumb\":{\"@id\":\"https:\/\/www.diocesitn.it\/area-cultura\/chi-siamo-area-cultura\/didattica\/caccia-alle-streghe\/#breadcrumb\"},\"inLanguage\":\"it-IT\",\"potentialAction\":[{\"@type\":\"ReadAction\",\"target\":[\"https:\/\/www.diocesitn.it\/area-cultura\/chi-siamo-area-cultura\/didattica\/caccia-alle-streghe\/\"]}]},{\"@type\":\"BreadcrumbList\",\"@id\":\"https:\/\/www.diocesitn.it\/area-cultura\/chi-siamo-area-cultura\/didattica\/caccia-alle-streghe\/#breadcrumb\",\"itemListElement\":[{\"@type\":\"ListItem\",\"position\":1,\"name\":\"Home\",\"item\":\"https:\/\/www.diocesitn.it\/area-cultura\/\"},{\"@type\":\"ListItem\",\"position\":2,\"name\":\"Chi siamo &#8211; Area Cultura\",\"item\":\"https:\/\/www.diocesitn.it\/area-cultura\/chi-siamo-area-cultura\/\"},{\"@type\":\"ListItem\",\"position\":3,\"name\":\"Didattica\",\"item\":\"https:\/\/www.diocesitn.it\/area-cultura\/chi-siamo-area-cultura\/didattica\/\"},{\"@type\":\"ListItem\",\"position\":4,\"name\":\"Caccia alle streghe. Superstizione, paure e pregiudizio in Trentino\"}]},{\"@type\":\"WebSite\",\"@id\":\"https:\/\/www.diocesitn.it\/area-cultura\/#website\",\"url\":\"https:\/\/www.diocesitn.it\/area-cultura\/\",\"name\":\"Cultura\",\"description\":\"Chiesa di Trento\",\"publisher\":{\"@id\":\"https:\/\/www.diocesitn.it\/area-cultura\/#organization\"},\"potentialAction\":[{\"@type\":\"SearchAction\",\"target\":{\"@type\":\"EntryPoint\",\"urlTemplate\":\"https:\/\/www.diocesitn.it\/area-cultura\/?s={search_term_string}\"},\"query-input\":\"required name=search_term_string\"}],\"inLanguage\":\"it-IT\"},{\"@type\":[\"Organization\",\"Place\"],\"@id\":\"https:\/\/www.diocesitn.it\/area-cultura\/#organization\",\"name\":\"Area Cultura - Chiesa di Trento\",\"url\":\"https:\/\/www.diocesitn.it\/area-cultura\/\",\"logo\":{\"@id\":\"https:\/\/www.diocesitn.it\/area-cultura\/chi-siamo-area-cultura\/didattica\/caccia-alle-streghe\/#local-main-organization-logo\"},\"image\":{\"@id\":\"https:\/\/www.diocesitn.it\/area-cultura\/chi-siamo-area-cultura\/didattica\/caccia-alle-streghe\/#local-main-organization-logo\"},\"sameAs\":[\"https:\/\/www.youtube.com\/channel\/UCfWD2n-N6WTCg2P_UA72H6Q\"],\"openingHoursSpecification\":[{\"@type\":\"OpeningHoursSpecification\",\"dayOfWeek\":[\"Monday\",\"Tuesday\",\"Wednesday\",\"Thursday\",\"Friday\",\"Saturday\",\"Sunday\"],\"opens\":\"09:00\",\"closes\":\"17:00\"}]},{\"@type\":\"ImageObject\",\"inLanguage\":\"it-IT\",\"@id\":\"https:\/\/www.diocesitn.it\/area-cultura\/chi-siamo-area-cultura\/didattica\/caccia-alle-streghe\/#local-main-organization-logo\",\"url\":\"https:\/\/www.diocesitn.it\/area-cultura\/wp-content\/uploads\/sites\/38\/2021\/09\/og-logo-cultura.jpg\",\"contentUrl\":\"https:\/\/www.diocesitn.it\/area-cultura\/wp-content\/uploads\/sites\/38\/2021\/09\/og-logo-cultura.jpg\",\"width\":1200,\"height\":630,\"caption\":\"Area Cultura - Chiesa di Trento\"}]}<\/script>\n<!-- \/ Yoast SEO Premium plugin. -->","yoast_head_json":{"title":"Caccia alle streghe. Superstizione, paure e pregiudizio in Trentino - Cultura","robots":{"index":"index","follow":"follow","max-snippet":"max-snippet:-1","max-image-preview":"max-image-preview:large","max-video-preview":"max-video-preview:-1"},"canonical":"https:\/\/www.diocesitn.it\/area-cultura\/chi-siamo-area-cultura\/didattica\/caccia-alle-streghe\/","og_locale":"it_IT","og_type":"article","og_title":"Caccia alle streghe. Superstizione, paure e pregiudizio in Trentino","og_description":"Per oltre duecento anni, tra il 1501 e il 1716, il Trentino fu teatro di numerosi processi per stregoneria, che spesso si conclusero con la condanna capitale. La caccia contro le \u201cstreghe\u201d fu promossa dall\u2019autorit\u00e0","og_url":"https:\/\/www.diocesitn.it\/area-cultura\/chi-siamo-area-cultura\/didattica\/caccia-alle-streghe\/","og_site_name":"Cultura","article_modified_time":"2025-10-23T09:20:25+00:00","og_image":[{"width":1200,"height":630,"url":"https:\/\/www.diocesitn.it\/area-cultura\/wp-content\/uploads\/sites\/38\/2021\/09\/og-logo-cultura.jpg","type":"image\/jpeg"}],"twitter_card":"summary_large_image","twitter_misc":{"Tempo di lettura stimato":"2 minuti"},"schema":{"@context":"https:\/\/schema.org","@graph":[{"@type":"WebPage","@id":"https:\/\/www.diocesitn.it\/area-cultura\/chi-siamo-area-cultura\/didattica\/caccia-alle-streghe\/","url":"https:\/\/www.diocesitn.it\/area-cultura\/chi-siamo-area-cultura\/didattica\/caccia-alle-streghe\/","name":"Caccia alle streghe. Superstizione, paure e pregiudizio in Trentino - Cultura","isPartOf":{"@id":"https:\/\/www.diocesitn.it\/area-cultura\/#website"},"datePublished":"2022-10-10T07:32:22+00:00","dateModified":"2025-10-23T09:20:25+00:00","breadcrumb":{"@id":"https:\/\/www.diocesitn.it\/area-cultura\/chi-siamo-area-cultura\/didattica\/caccia-alle-streghe\/#breadcrumb"},"inLanguage":"it-IT","potentialAction":[{"@type":"ReadAction","target":["https:\/\/www.diocesitn.it\/area-cultura\/chi-siamo-area-cultura\/didattica\/caccia-alle-streghe\/"]}]},{"@type":"BreadcrumbList","@id":"https:\/\/www.diocesitn.it\/area-cultura\/chi-siamo-area-cultura\/didattica\/caccia-alle-streghe\/#breadcrumb","itemListElement":[{"@type":"ListItem","position":1,"name":"Home","item":"https:\/\/www.diocesitn.it\/area-cultura\/"},{"@type":"ListItem","position":2,"name":"Chi siamo &#8211; Area Cultura","item":"https:\/\/www.diocesitn.it\/area-cultura\/chi-siamo-area-cultura\/"},{"@type":"ListItem","position":3,"name":"Didattica","item":"https:\/\/www.diocesitn.it\/area-cultura\/chi-siamo-area-cultura\/didattica\/"},{"@type":"ListItem","position":4,"name":"Caccia alle streghe. Superstizione, paure e pregiudizio in Trentino"}]},{"@type":"WebSite","@id":"https:\/\/www.diocesitn.it\/area-cultura\/#website","url":"https:\/\/www.diocesitn.it\/area-cultura\/","name":"Cultura","description":"Chiesa di Trento","publisher":{"@id":"https:\/\/www.diocesitn.it\/area-cultura\/#organization"},"potentialAction":[{"@type":"SearchAction","target":{"@type":"EntryPoint","urlTemplate":"https:\/\/www.diocesitn.it\/area-cultura\/?s={search_term_string}"},"query-input":"required name=search_term_string"}],"inLanguage":"it-IT"},{"@type":["Organization","Place"],"@id":"https:\/\/www.diocesitn.it\/area-cultura\/#organization","name":"Area Cultura - Chiesa di Trento","url":"https:\/\/www.diocesitn.it\/area-cultura\/","logo":{"@id":"https:\/\/www.diocesitn.it\/area-cultura\/chi-siamo-area-cultura\/didattica\/caccia-alle-streghe\/#local-main-organization-logo"},"image":{"@id":"https:\/\/www.diocesitn.it\/area-cultura\/chi-siamo-area-cultura\/didattica\/caccia-alle-streghe\/#local-main-organization-logo"},"sameAs":["https:\/\/www.youtube.com\/channel\/UCfWD2n-N6WTCg2P_UA72H6Q"],"openingHoursSpecification":[{"@type":"OpeningHoursSpecification","dayOfWeek":["Monday","Tuesday","Wednesday","Thursday","Friday","Saturday","Sunday"],"opens":"09:00","closes":"17:00"}]},{"@type":"ImageObject","inLanguage":"it-IT","@id":"https:\/\/www.diocesitn.it\/area-cultura\/chi-siamo-area-cultura\/didattica\/caccia-alle-streghe\/#local-main-organization-logo","url":"https:\/\/www.diocesitn.it\/area-cultura\/wp-content\/uploads\/sites\/38\/2021\/09\/og-logo-cultura.jpg","contentUrl":"https:\/\/www.diocesitn.it\/area-cultura\/wp-content\/uploads\/sites\/38\/2021\/09\/og-logo-cultura.jpg","width":1200,"height":630,"caption":"Area Cultura - Chiesa di Trento"}]}},"_links":{"self":[{"href":"https:\/\/www.diocesitn.it\/area-cultura\/wp-json\/wp\/v2\/pages\/8966","targetHints":{"allow":["GET"]}}],"collection":[{"href":"https:\/\/www.diocesitn.it\/area-cultura\/wp-json\/wp\/v2\/pages"}],"about":[{"href":"https:\/\/www.diocesitn.it\/area-cultura\/wp-json\/wp\/v2\/types\/page"}],"author":[{"embeddable":true,"href":"https:\/\/www.diocesitn.it\/area-cultura\/wp-json\/wp\/v2\/users\/9"}],"replies":[{"embeddable":true,"href":"https:\/\/www.diocesitn.it\/area-cultura\/wp-json\/wp\/v2\/comments?post=8966"}],"version-history":[{"count":4,"href":"https:\/\/www.diocesitn.it\/area-cultura\/wp-json\/wp\/v2\/pages\/8966\/revisions"}],"predecessor-version":[{"id":16094,"href":"https:\/\/www.diocesitn.it\/area-cultura\/wp-json\/wp\/v2\/pages\/8966\/revisions\/16094"}],"up":[{"embeddable":true,"href":"https:\/\/www.diocesitn.it\/area-cultura\/wp-json\/wp\/v2\/pages\/2526"}],"wp:attachment":[{"href":"https:\/\/www.diocesitn.it\/area-cultura\/wp-json\/wp\/v2\/media?parent=8966"}],"curies":[{"name":"wp","href":"https:\/\/api.w.org\/{rel}","templated":true}]}}