{"id":756,"date":"2019-01-31T12:37:19","date_gmt":"2019-01-31T11:37:19","guid":{"rendered":"https:\/\/www.diocesitn.it\/vigilianum\/?page_id=756"},"modified":"2025-12-11T09:56:54","modified_gmt":"2025-12-11T08:56:54","slug":"attivita-archivio-diocesano-tridentino","status":"publish","type":"page","link":"https:\/\/www.diocesitn.it\/area-cultura\/attivita-archivio-diocesano-tridentino\/","title":{"rendered":"Attivit\u00e0 Archivio Diocesano Tridentino"},"content":{"rendered":"<p><strong>Indice<\/strong><\/p>\n<ul>\n<li><a href=\"#consultazione_documenti\">Consultazione documenti<\/a><\/li>\n<li><a href=\"#consultazione_registri_parrocchie\">Consultazione Registri anagrafici parrocchie diocesi<\/a><\/li>\n<li><a href=\"#consultazione_pergamene_parrocchiali\">Consultazione pergamene parrocchiali<\/a><\/li>\n<li><a href=\"https:\/\/www.diocesitn.it\/area-cultura\/archivi-parrocchiali\/\">Consultazione archivi parrocchiali<\/a><\/li>\n<li><a href=\"#certificati\">Certificati anagrafici storici<\/a><\/li>\n<li><a href=\"https:\/\/www.diocesitn.it\/area-cultura\/informazioni\/riproduzione-e-fotoriproduzione\/\">Riproduzione e fotoriproduzione<\/a><\/li>\n<li><a href=\"https:\/\/www.diocesitn.it\/area-cultura\/category\/servizio-archivio\/servizio-archivio-corsi-per-adulti\/\">Corsi per adulti<\/a><\/li>\n<li><a href=\"https:\/\/www.diocesitn.it\/area-cultura\/category\/servizio-archivio\/servizio-archivio-alternanza-scuola-lavoro\/\">Tirocini\u00a0<\/a><\/li>\n<li><a href=\"https:\/\/www.diocesitn.it\/area-cultura\/modulistica-2\/\">Modulistica<\/a><\/li>\n<\/ul>\n<p>Una delle priorit\u00e0 dell\u2019Archivio Diocesano \u00e8 il servizio al pubblico. La consultazione dei documenti \u00e8 gratuita.<\/p>\n<p>Presso la sala studio \u00e8 possibile:<\/p>\n<h6><strong><em><a id=\"consultazione_documenti\"><\/a>CONSULTARE I DOCUMENTI DEPOSITATI PRESSO L\u2019ARCHIVIO DIOCESANO<\/em><\/strong><\/h6>\n<p>Gli utenti possono liberamente consultare i\u00a0documenti originali dei\u00a0<a href=\"https:\/\/www.diocesitn.it\/area-cultura\/fondi\/\">fondi presenti in Archivio<\/a>, dietro richiesta scritta presentata al personale, che provvede a portare i documenti richiesti nell\u2019ampia sala studio.<\/p>\n<p><span style=\"font-size: inherit\">L&#8217;Archivio \u00e8 dotato anche di una <\/span><strong style=\"font-size: inherit\">biblioteca specializzata<\/strong><span style=\"font-size: inherit\"> in storia locale e materie archivistiche. Tra le riviste locali, vanno menzionate la <strong>Rivista Diocesana Tridentina, Vita Trentina, i Cataloghi del Clero, Studi Trentini di Scienze Storiche, Judicaria, Il Sommolago, Civis, La Giurisdizione di Castel P\u00e8nede, I Quattro Vicariati, Archivio Trentino, Annali ISIG<\/strong>. <\/span><\/p>\n<p><span style=\"font-size: inherit\">Tra le riviste specializzate in archivistica, storia e demografica si trovano, tra le altre: <strong>Archivi, Nuovi Annali della Scuola Speciale per archivisti e bibliotecari, Popolazione e storia, Le carte e la storia, Quaderni storici<\/strong>.<\/span><\/p>\n<p>La fotoriproduzione dei documenti consultati \u00e8 permessa, su compilazione di apposito modulo. <strong>Di ciascuna unit\u00e0 archivistica (esclusi i pezzi singoli) \u00e8 ammessa la riproduzione per una percentuale inferiore al 50%.<\/strong><\/p>\n<h6><strong><em><a id=\"consultazione_registri_parrocchie\"><\/a>VISIONARE\u00a0 I REGISTRI ANAGRAFICI DELLE PARROCCHIE DELLA DIOCESI DI TRENTO<\/em><\/strong><\/h6>\n<p>L\u2019Archivio offre a tutti la possibilit\u00e0 di ricostruire l\u2019albero genealogico della propria famiglia o di effettuare ricerche di vario tipo, visionando\u00a0<strong>le fotografie digitali dei\u00a0libri anagrafici<\/strong> (nati, morti, matrimoni) anteriori all\u2019anno 1924, appartenenti alle parrocchie dell\u2019odierna Arcidiocesi di Trento (corrispondente al territorio provinciale); i registri originali sono custoditi normalmente presso le canoniche con parroco residente e possono risalire anche al XVI secolo.<\/p>\n<p><em>Per consultare i registri anagrafici<strong> \u00e8 necessaria la prenotazione,<\/strong> telefonando al nuovo numero <strong>0461-891177<\/strong> o scrivendo una e-mail ad <a href=\"mailto:archivio@diocesitn.it\">archivio@diocesitn.it<\/a>.<\/em><\/p>\n<h6><strong><em><a id=\"consultazione_pergamene_parrocchiali\"><\/a>VISIONARE <\/em><\/strong><strong><em>LE PERGAMENE DEGLI ARCHIVI PARROCCHIALI<\/em><\/strong><\/h6>\n<p>Grazie al progetto \u201cPergamene on line\u201d il patrimonio pergamenaceo degli archivi trentini \u00e8 stato schedato e digitalizzato dalla Soprintendenza per i beni librari archivistici e archeologici \u2013 Settore beni librari e archivistici della Provincia autonoma di Trento e sono disponibili online al pubblico. Le immagini delle pergamene parrocchiali, consultabili a bassa risoluzione cercando nel sistema <a href=\"https:\/\/www.cultura.trentino.it\/archivistorici\/home\">AST &#8211; Archivi Storici del Trentino<\/a>, sono disponibili ad alta risoluzione presso l\u2019Archivio Diocesano.<\/p>\n<h6><em><strong><a id=\"certificati\"><\/a> CHIEDERE CERTIFICATI ANAGRAFICI STORICI<\/strong><\/em><\/h6>\n<p>Le richieste di certificati anagrafici storici (estratto per riassunto dell\u2019atto di nascita, estratto per riassunto dell\u2019atto di matrimonio, estratto per riassunto dell&#8217;atto di morte, copia integrale della registrazione di nascita, copia integrale della registrazione di matrimonio, copia integrale della registrazione di morte) vanno inviate per email all\u2019Archivio Diocesano Tridentino all\u2019indirizzo <strong>\u00a0<\/strong><a href=\"mailto:archivio@diocesitn.it\">archivio@diocesitn.it<\/a>\u00a0utilizzando\u00a0<u>esclusivamente\u00a0<\/u>il <a href=\"https:\/\/www.diocesitn.it\/area-cultura\/wp-content\/uploads\/sites\/38\/2024\/10\/Richiesta-certificati-anagrafici-storici.pdf\">modulo<\/a> sotto riportato.<\/p>\n<p>Le richieste devono essere complete di:<\/p>\n<ul>\n<li>nome e cognome dell\u2019antenato;<\/li>\n<li>data di nascita dell\u2019antenato;<\/li>\n<li>luogo di nascita dell\u2019antenato;<\/li>\n<li>nome dei genitori dell\u2019antenato.<\/li>\n<\/ul>\n<p>Queste informazioni sono reperibili nella banca dati\u00a0<a href=\"http:\/\/www.natitrentino.mondotrentino.net\/\"><strong>Nati in Trentino<\/strong><\/a>. Si consiglia vivamente di verificare\u00a0<strong>sempre<\/strong>\u00a0i propri dati \u00a0con quelli presenti della banca dati.<br \/>\nLa produzione di ciascun documento ha un costo di\u00a0<strong>50,00 \u20ac, <\/strong>comprensivo della spedizione postale.<\/p>\n<p><a href=\"https:\/\/www.diocesitn.it\/area-cultura\/modulistica-2\/\"><em><strong>MODULISTICA<\/strong><\/em><\/a><\/p>\n<ul>\n<li><a href=\"https:\/\/www.diocesitn.it\/area-cultura\/wp-content\/uploads\/sites\/38\/2024\/10\/Richiesta-certificati-anagrafici-storici.pdf\">Richiesta certificati anagrafici storici<\/a><\/li>\n<li><a href=\"https:\/\/www.diocesitn.it\/area-cultura\/wp-content\/uploads\/sites\/38\/2021\/08\/Richiesta-accesso-archivi-parrocchiali.pdf\">Richiesta accesso agli archivi parrocchiali<\/a><\/li>\n<li><a href=\"https:\/\/www.diocesitn.it\/area-cultura\/wp-content\/uploads\/sites\/38\/2024\/10\/Richiesta-fotoriproduzioni.pdf\">Richiesta fotoriproduzione documenti<\/a><\/li>\n<li><a href=\"https:\/\/www.diocesitn.it\/area-cultura\/wp-content\/uploads\/sites\/38\/2024\/10\/Richiesta-autorizzazione-alla-pubblicazione.pdf\">Richiesta autorizzazione alla pubblicazione<\/a><\/li>\n<\/ul>\n<p>&nbsp;<\/p>\n","protected":false},"excerpt":{"rendered":"<p>Indice Consultazione documenti Consultazione Registri anagrafici parrocchie diocesi Consultazione pergamene parrocchiali Consultazione archivi parrocchiali Certificati anagrafici storici Riproduzione e fotoriproduzione Corsi per adulti Tirocini\u00a0 Modulistica Una delle priorit\u00e0 dell\u2019Archivio Diocesano \u00e8 il servizio al pubblico.<\/p>\n","protected":false},"author":9,"featured_media":0,"parent":0,"menu_order":5,"comment_status":"closed","ping_status":"closed","template":"","meta":{"footnotes":""},"class_list":["post-756","page","type-page","status-publish","hentry"],"acf":{"seed-localization-paese-cod":"","seed-localization-address":"","seed-localization-citta":"","seed-localization-regione-cod-istat":"","seed-localization-citta-cod-istat":"","seed-localization-localita":"","seed-localization-cap":"","seed-localization-marker-visibility":false,"seed-localization-children-visibility":false,"seed-localization-kml":"","seed-localization-custom-marker":""},"yoast_head":"<!-- This site is optimized with the Yoast SEO Premium plugin v20.2.1 (Yoast SEO v22.2) - https:\/\/yoast.com\/wordpress\/plugins\/seo\/ -->\n<title>Attivit\u00e0 Archivio Diocesano Tridentino - Cultura<\/title>\n<meta name=\"robots\" content=\"index, follow, max-snippet:-1, max-image-preview:large, max-video-preview:-1\" \/>\n<link rel=\"canonical\" href=\"https:\/\/www.diocesitn.it\/area-cultura\/attivita-archivio-diocesano-tridentino\/\" \/>\n<meta property=\"og:locale\" content=\"it_IT\" \/>\n<meta property=\"og:type\" content=\"article\" \/>\n<meta property=\"og:title\" content=\"Attivit\u00e0 Archivio Diocesano Tridentino\" \/>\n<meta property=\"og:description\" content=\"Indice Consultazione documenti Consultazione Registri anagrafici parrocchie diocesi Consultazione pergamene parrocchiali Consultazione archivi parrocchiali Certificati anagrafici storici Riproduzione e fotoriproduzione Corsi per adulti Tirocini\u00a0 Modulistica Una delle priorit\u00e0 dell\u2019Archivio Diocesano \u00e8 il servizio al pubblico.\" \/>\n<meta property=\"og:url\" content=\"https:\/\/www.diocesitn.it\/area-cultura\/attivita-archivio-diocesano-tridentino\/\" \/>\n<meta property=\"og:site_name\" content=\"Cultura\" \/>\n<meta property=\"article:modified_time\" content=\"2025-12-11T08:56:54+00:00\" \/>\n<meta property=\"og:image\" content=\"https:\/\/www.diocesitn.it\/area-cultura\/wp-content\/uploads\/sites\/38\/2021\/09\/og-logo-cultura.jpg\" \/>\n\t<meta property=\"og:image:width\" content=\"1200\" \/>\n\t<meta property=\"og:image:height\" content=\"630\" \/>\n\t<meta property=\"og:image:type\" content=\"image\/jpeg\" \/>\n<meta name=\"twitter:card\" content=\"summary_large_image\" \/>\n<meta name=\"twitter:label1\" content=\"Tempo di lettura stimato\" \/>\n\t<meta name=\"twitter:data1\" content=\"3 minuti\" \/>\n<script type=\"application\/ld+json\" class=\"yoast-schema-graph\">{\"@context\":\"https:\/\/schema.org\",\"@graph\":[{\"@type\":\"WebPage\",\"@id\":\"https:\/\/www.diocesitn.it\/area-cultura\/attivita-archivio-diocesano-tridentino\/\",\"url\":\"https:\/\/www.diocesitn.it\/area-cultura\/attivita-archivio-diocesano-tridentino\/\",\"name\":\"Attivit\u00e0 Archivio Diocesano Tridentino - Cultura\",\"isPartOf\":{\"@id\":\"https:\/\/www.diocesitn.it\/area-cultura\/#website\"},\"datePublished\":\"2019-01-31T11:37:19+00:00\",\"dateModified\":\"2025-12-11T08:56:54+00:00\",\"breadcrumb\":{\"@id\":\"https:\/\/www.diocesitn.it\/area-cultura\/attivita-archivio-diocesano-tridentino\/#breadcrumb\"},\"inLanguage\":\"it-IT\",\"potentialAction\":[{\"@type\":\"ReadAction\",\"target\":[\"https:\/\/www.diocesitn.it\/area-cultura\/attivita-archivio-diocesano-tridentino\/\"]}]},{\"@type\":\"BreadcrumbList\",\"@id\":\"https:\/\/www.diocesitn.it\/area-cultura\/attivita-archivio-diocesano-tridentino\/#breadcrumb\",\"itemListElement\":[{\"@type\":\"ListItem\",\"position\":1,\"name\":\"Home\",\"item\":\"https:\/\/www.diocesitn.it\/area-cultura\/\"},{\"@type\":\"ListItem\",\"position\":2,\"name\":\"Attivit\u00e0 Archivio Diocesano Tridentino\"}]},{\"@type\":\"WebSite\",\"@id\":\"https:\/\/www.diocesitn.it\/area-cultura\/#website\",\"url\":\"https:\/\/www.diocesitn.it\/area-cultura\/\",\"name\":\"Cultura\",\"description\":\"Chiesa di Trento\",\"publisher\":{\"@id\":\"https:\/\/www.diocesitn.it\/area-cultura\/#organization\"},\"potentialAction\":[{\"@type\":\"SearchAction\",\"target\":{\"@type\":\"EntryPoint\",\"urlTemplate\":\"https:\/\/www.diocesitn.it\/area-cultura\/?s={search_term_string}\"},\"query-input\":\"required name=search_term_string\"}],\"inLanguage\":\"it-IT\"},{\"@type\":[\"Organization\",\"Place\"],\"@id\":\"https:\/\/www.diocesitn.it\/area-cultura\/#organization\",\"name\":\"Area Cultura - Chiesa di Trento\",\"url\":\"https:\/\/www.diocesitn.it\/area-cultura\/\",\"logo\":{\"@id\":\"https:\/\/www.diocesitn.it\/area-cultura\/attivita-archivio-diocesano-tridentino\/#local-main-organization-logo\"},\"image\":{\"@id\":\"https:\/\/www.diocesitn.it\/area-cultura\/attivita-archivio-diocesano-tridentino\/#local-main-organization-logo\"},\"sameAs\":[\"https:\/\/www.youtube.com\/channel\/UCfWD2n-N6WTCg2P_UA72H6Q\"],\"openingHoursSpecification\":[{\"@type\":\"OpeningHoursSpecification\",\"dayOfWeek\":[\"Monday\",\"Tuesday\",\"Wednesday\",\"Thursday\",\"Friday\",\"Saturday\",\"Sunday\"],\"opens\":\"09:00\",\"closes\":\"17:00\"}]},{\"@type\":\"ImageObject\",\"inLanguage\":\"it-IT\",\"@id\":\"https:\/\/www.diocesitn.it\/area-cultura\/attivita-archivio-diocesano-tridentino\/#local-main-organization-logo\",\"url\":\"https:\/\/www.diocesitn.it\/area-cultura\/wp-content\/uploads\/sites\/38\/2021\/09\/og-logo-cultura.jpg\",\"contentUrl\":\"https:\/\/www.diocesitn.it\/area-cultura\/wp-content\/uploads\/sites\/38\/2021\/09\/og-logo-cultura.jpg\",\"width\":1200,\"height\":630,\"caption\":\"Area Cultura - Chiesa di Trento\"}]}<\/script>\n<!-- \/ Yoast SEO Premium plugin. -->","yoast_head_json":{"title":"Attivit\u00e0 Archivio Diocesano Tridentino - Cultura","robots":{"index":"index","follow":"follow","max-snippet":"max-snippet:-1","max-image-preview":"max-image-preview:large","max-video-preview":"max-video-preview:-1"},"canonical":"https:\/\/www.diocesitn.it\/area-cultura\/attivita-archivio-diocesano-tridentino\/","og_locale":"it_IT","og_type":"article","og_title":"Attivit\u00e0 Archivio Diocesano Tridentino","og_description":"Indice Consultazione documenti Consultazione Registri anagrafici parrocchie diocesi Consultazione pergamene parrocchiali Consultazione archivi parrocchiali Certificati anagrafici storici Riproduzione e fotoriproduzione Corsi per adulti Tirocini\u00a0 Modulistica Una delle priorit\u00e0 dell\u2019Archivio Diocesano \u00e8 il servizio al pubblico.","og_url":"https:\/\/www.diocesitn.it\/area-cultura\/attivita-archivio-diocesano-tridentino\/","og_site_name":"Cultura","article_modified_time":"2025-12-11T08:56:54+00:00","og_image":[{"width":1200,"height":630,"url":"https:\/\/www.diocesitn.it\/area-cultura\/wp-content\/uploads\/sites\/38\/2021\/09\/og-logo-cultura.jpg","type":"image\/jpeg"}],"twitter_card":"summary_large_image","twitter_misc":{"Tempo di lettura stimato":"3 minuti"},"schema":{"@context":"https:\/\/schema.org","@graph":[{"@type":"WebPage","@id":"https:\/\/www.diocesitn.it\/area-cultura\/attivita-archivio-diocesano-tridentino\/","url":"https:\/\/www.diocesitn.it\/area-cultura\/attivita-archivio-diocesano-tridentino\/","name":"Attivit\u00e0 Archivio Diocesano Tridentino - Cultura","isPartOf":{"@id":"https:\/\/www.diocesitn.it\/area-cultura\/#website"},"datePublished":"2019-01-31T11:37:19+00:00","dateModified":"2025-12-11T08:56:54+00:00","breadcrumb":{"@id":"https:\/\/www.diocesitn.it\/area-cultura\/attivita-archivio-diocesano-tridentino\/#breadcrumb"},"inLanguage":"it-IT","potentialAction":[{"@type":"ReadAction","target":["https:\/\/www.diocesitn.it\/area-cultura\/attivita-archivio-diocesano-tridentino\/"]}]},{"@type":"BreadcrumbList","@id":"https:\/\/www.diocesitn.it\/area-cultura\/attivita-archivio-diocesano-tridentino\/#breadcrumb","itemListElement":[{"@type":"ListItem","position":1,"name":"Home","item":"https:\/\/www.diocesitn.it\/area-cultura\/"},{"@type":"ListItem","position":2,"name":"Attivit\u00e0 Archivio Diocesano Tridentino"}]},{"@type":"WebSite","@id":"https:\/\/www.diocesitn.it\/area-cultura\/#website","url":"https:\/\/www.diocesitn.it\/area-cultura\/","name":"Cultura","description":"Chiesa di Trento","publisher":{"@id":"https:\/\/www.diocesitn.it\/area-cultura\/#organization"},"potentialAction":[{"@type":"SearchAction","target":{"@type":"EntryPoint","urlTemplate":"https:\/\/www.diocesitn.it\/area-cultura\/?s={search_term_string}"},"query-input":"required name=search_term_string"}],"inLanguage":"it-IT"},{"@type":["Organization","Place"],"@id":"https:\/\/www.diocesitn.it\/area-cultura\/#organization","name":"Area Cultura - Chiesa di Trento","url":"https:\/\/www.diocesitn.it\/area-cultura\/","logo":{"@id":"https:\/\/www.diocesitn.it\/area-cultura\/attivita-archivio-diocesano-tridentino\/#local-main-organization-logo"},"image":{"@id":"https:\/\/www.diocesitn.it\/area-cultura\/attivita-archivio-diocesano-tridentino\/#local-main-organization-logo"},"sameAs":["https:\/\/www.youtube.com\/channel\/UCfWD2n-N6WTCg2P_UA72H6Q"],"openingHoursSpecification":[{"@type":"OpeningHoursSpecification","dayOfWeek":["Monday","Tuesday","Wednesday","Thursday","Friday","Saturday","Sunday"],"opens":"09:00","closes":"17:00"}]},{"@type":"ImageObject","inLanguage":"it-IT","@id":"https:\/\/www.diocesitn.it\/area-cultura\/attivita-archivio-diocesano-tridentino\/#local-main-organization-logo","url":"https:\/\/www.diocesitn.it\/area-cultura\/wp-content\/uploads\/sites\/38\/2021\/09\/og-logo-cultura.jpg","contentUrl":"https:\/\/www.diocesitn.it\/area-cultura\/wp-content\/uploads\/sites\/38\/2021\/09\/og-logo-cultura.jpg","width":1200,"height":630,"caption":"Area Cultura - Chiesa di Trento"}]}},"_links":{"self":[{"href":"https:\/\/www.diocesitn.it\/area-cultura\/wp-json\/wp\/v2\/pages\/756","targetHints":{"allow":["GET"]}}],"collection":[{"href":"https:\/\/www.diocesitn.it\/area-cultura\/wp-json\/wp\/v2\/pages"}],"about":[{"href":"https:\/\/www.diocesitn.it\/area-cultura\/wp-json\/wp\/v2\/types\/page"}],"author":[{"embeddable":true,"href":"https:\/\/www.diocesitn.it\/area-cultura\/wp-json\/wp\/v2\/users\/9"}],"replies":[{"embeddable":true,"href":"https:\/\/www.diocesitn.it\/area-cultura\/wp-json\/wp\/v2\/comments?post=756"}],"version-history":[{"count":5,"href":"https:\/\/www.diocesitn.it\/area-cultura\/wp-json\/wp\/v2\/pages\/756\/revisions"}],"predecessor-version":[{"id":16438,"href":"https:\/\/www.diocesitn.it\/area-cultura\/wp-json\/wp\/v2\/pages\/756\/revisions\/16438"}],"wp:attachment":[{"href":"https:\/\/www.diocesitn.it\/area-cultura\/wp-json\/wp\/v2\/media?parent=756"}],"curies":[{"name":"wp","href":"https:\/\/api.w.org\/{rel}","templated":true}]}}