{"version":"1.0","provider_name":"Cultura","provider_url":"https:\/\/www.diocesitn.it\/area-cultura","title":"Politica, fede, umanit\u00e0 - Avio 2026. Percorso di formazione proposto dalle Parrocchie della zona di Ala e Avio e della SDFT, a partire dal 19 gennaio 2026","type":"rich","width":600,"height":338,"html":"<blockquote class=\"wp-embedded-content\" data-secret=\"LRM4SDj0ja\"><a href=\"https:\/\/www.diocesitn.it\/area-cultura\/2025\/11\/25\/politica-avio-2026\/\">Politica, fede, umanit\u00e0 &#8211; Avio 2026. Percorso di formazione proposto dalle Parrocchie della zona di Ala e Avio e della SDFT, a partire dal 19 gennaio 2026<\/a><\/blockquote><iframe sandbox=\"allow-scripts\" security=\"restricted\" src=\"https:\/\/www.diocesitn.it\/area-cultura\/2025\/11\/25\/politica-avio-2026\/embed\/#?secret=LRM4SDj0ja\" width=\"600\" height=\"338\" title=\"&#8220;Politica, fede, umanit\u00e0 &#8211; Avio 2026. Percorso di formazione proposto dalle Parrocchie della zona di Ala e Avio e della SDFT, a partire dal 19 gennaio 2026&#8221; &#8212; Cultura\" data-secret=\"LRM4SDj0ja\" frameborder=\"0\" marginwidth=\"0\" marginheight=\"0\" scrolling=\"no\" class=\"wp-embedded-content\"><\/iframe><script type=\"text\/javascript\">\n\/* <![CDATA[ *\/\n\/*! This file is auto-generated *\/\n!function(d,l){\"use strict\";l.querySelector&&d.addEventListener&&\"undefined\"!=typeof URL&&(d.wp=d.wp||{},d.wp.receiveEmbedMessage||(d.wp.receiveEmbedMessage=function(e){var t=e.data;if((t||t.secret||t.message||t.value)&&!\/[^a-zA-Z0-9]\/.test(t.secret)){for(var s,r,n,a=l.querySelectorAll('iframe[data-secret=\"'+t.secret+'\"]'),o=l.querySelectorAll('blockquote[data-secret=\"'+t.secret+'\"]'),c=new RegExp(\"^https?:$\",\"i\"),i=0;i<o.length;i++)o[i].style.display=\"none\";for(i=0;i<a.length;i++)s=a[i],e.source===s.contentWindow&&(s.removeAttribute(\"style\"),\"height\"===t.message?(1e3<(r=parseInt(t.value,10))?r=1e3:~~r<200&&(r=200),s.height=r):\"link\"===t.message&&(r=new URL(s.getAttribute(\"src\")),n=new URL(t.value),c.test(n.protocol))&&n.host===r.host&&l.activeElement===s&&(d.top.location.href=t.value))}},d.addEventListener(\"message\",d.wp.receiveEmbedMessage,!1),l.addEventListener(\"DOMContentLoaded\",function(){for(var e,t,s=l.querySelectorAll(\"iframe.wp-embedded-content\"),r=0;r<s.length;r++)(t=(e=s[r]).getAttribute(\"data-secret\"))||(t=Math.random().toString(36).substring(2,12),e.src+=\"#?secret=\"+t,e.setAttribute(\"data-secret\",t)),e.contentWindow.postMessage({message:\"ready\",secret:t},\"*\")},!1)))}(window,document);\n\/* ]]> *\/\n<\/script>\n","thumbnail_url":"https:\/\/www.diocesitn.it\/area-cultura\/wp-content\/uploads\/sites\/38\/2025\/11\/opera-picasso-guernica-2007-3003.jpg","thumbnail_width":1024,"thumbnail_height":518,"description":"La politica \u00e8 la forma pi\u00f9 alta di carit\u00e0, sosteneva Paolo VI. Perch\u00e9 la politica ci riguarda tutti, il nostro vivere insieme, il nostro futuro. Il percorso di formazione 2026 che si terr\u00e0 ad Avio"}

Politica, fede, umanità - Avio 2026. Percorso di formazione proposto dalle Parrocchie della zona di Ala e Avio e della SDFT, a partire dal 19 gennaio 2026

<blockquote class="wp-embedded-content" data-secret="LRM4SDj0ja"><a href="https://www.diocesitn.it/area-cultura/2025/11/25/politica-avio-2026/">Politica, fede, umanità &#8211; Avio 2026. Percorso di formazione proposto dalle Parrocchie della zona di Ala e Avio e della SDFT, a partire dal 19 gennaio 2026</a></blockquote><iframe sandbox="allow-scripts" security="restricted" src="https://www.diocesitn.it/area-cultura/2025/11/25/politica-avio-2026/embed/#?secret=LRM4SDj0ja" width="600" height="338" title="&#8220;Politica, fede, umanità &#8211; Avio 2026. Percorso di formazione proposto dalle Parrocchie della zona di Ala e Avio e della SDFT, a partire dal 19 gennaio 2026&#8221; &#8212; Cultura" data-secret="LRM4SDj0ja" frameborder="0" marginwidth="0" marginheight="0" scrolling="no" class="wp-embedded-content"></iframe><script type="text/javascript">
/* <![CDATA[ */
/*! This file is auto-generated */
!function(d,l){"use strict";l.querySelector&&d.addEventListener&&"undefined"!=typeof URL&&(d.wp=d.wp||{},d.wp.receiveEmbedMessage||(d.wp.receiveEmbedMessage=function(e){var t=e.data;if((t||t.secret||t.message||t.value)&&!/[^a-zA-Z0-9]/.test(t.secret)){for(var s,r,n,a=l.querySelectorAll('iframe[data-secret="'+t.secret+'"]'),o=l.querySelectorAll('blockquote[data-secret="'+t.secret+'"]'),c=new RegExp("^https?:$","i"),i=0;i<o.length;i++)o[i].style.display="none";for(i=0;i<a.length;i++)s=a[i],e.source===s.contentWindow&&(s.removeAttribute("style"),"height"===t.message?(1e3<(r=parseInt(t.value,10))?r=1e3:~~r<200&&(r=200),s.height=r):"link"===t.message&&(r=new URL(s.getAttribute("src")),n=new URL(t.value),c.test(n.protocol))&&n.host===r.host&&l.activeElement===s&&(d.top.location.href=t.value))}},d.addEventListener("message",d.wp.receiveEmbedMessage,!1),l.addEventListener("DOMContentLoaded",function(){for(var e,t,s=l.querySelectorAll("iframe.wp-embedded-content"),r=0;r<s.length;r++)(t=(e=s[r]).getAttribute("data-secret"))||(t=Math.random().toString(36).substring(2,12),e.src+="#?secret="+t,e.setAttribute("data-secret",t)),e.contentWindow.postMessage({message:"ready",secret:t},"*")},!1)))}(window,document);
/* ]]> */
</script>

La politica è la forma più alta di carità, sosteneva Paolo VI. Perché la politica ci riguarda tutti, il nostro vivere insieme, il nostro futuro. Il percorso di formazione 2026 che si terrà ad Avio
