{"version":"1.0","provider_name":"Cultura","provider_url":"https:\/\/www.diocesitn.it\/area-cultura","title":"Generare. La paternit\u00e0 di Giuseppe","type":"rich","width":600,"height":338,"html":"<blockquote class=\"wp-embedded-content\" data-secret=\"tkKeoKevQz\"><a href=\"https:\/\/www.diocesitn.it\/area-cultura\/2021\/11\/11\/generare\/\">Generare. La paternit\u00e0 di Giuseppe<\/a><\/blockquote><iframe sandbox=\"allow-scripts\" security=\"restricted\" src=\"https:\/\/www.diocesitn.it\/area-cultura\/2021\/11\/11\/generare\/embed\/#?secret=tkKeoKevQz\" width=\"600\" height=\"338\" title=\"&#8220;Generare. La paternit\u00e0 di Giuseppe&#8221; &#8212; Cultura\" data-secret=\"tkKeoKevQz\" frameborder=\"0\" marginwidth=\"0\" marginheight=\"0\" scrolling=\"no\" class=\"wp-embedded-content\"><\/iframe><script type=\"text\/javascript\">\n\/* <![CDATA[ *\/\n\/*! This file is auto-generated *\/\n!function(d,l){\"use strict\";l.querySelector&&d.addEventListener&&\"undefined\"!=typeof URL&&(d.wp=d.wp||{},d.wp.receiveEmbedMessage||(d.wp.receiveEmbedMessage=function(e){var t=e.data;if((t||t.secret||t.message||t.value)&&!\/[^a-zA-Z0-9]\/.test(t.secret)){for(var s,r,n,a=l.querySelectorAll('iframe[data-secret=\"'+t.secret+'\"]'),o=l.querySelectorAll('blockquote[data-secret=\"'+t.secret+'\"]'),c=new RegExp(\"^https?:$\",\"i\"),i=0;i<o.length;i++)o[i].style.display=\"none\";for(i=0;i<a.length;i++)s=a[i],e.source===s.contentWindow&&(s.removeAttribute(\"style\"),\"height\"===t.message?(1e3<(r=parseInt(t.value,10))?r=1e3:~~r<200&&(r=200),s.height=r):\"link\"===t.message&&(r=new URL(s.getAttribute(\"src\")),n=new URL(t.value),c.test(n.protocol))&&n.host===r.host&&l.activeElement===s&&(d.top.location.href=t.value))}},d.addEventListener(\"message\",d.wp.receiveEmbedMessage,!1),l.addEventListener(\"DOMContentLoaded\",function(){for(var e,t,s=l.querySelectorAll(\"iframe.wp-embedded-content\"),r=0;r<s.length;r++)(t=(e=s[r]).getAttribute(\"data-secret\"))||(t=Math.random().toString(36).substring(2,12),e.src+=\"#?secret=\"+t,e.setAttribute(\"data-secret\",t)),e.contentWindow.postMessage({message:\"ready\",secret:t},\"*\")},!1)))}(window,document);\n\/* ]]> *\/\n<\/script>\n","thumbnail_url":"https:\/\/www.diocesitn.it\/area-cultura\/wp-content\/uploads\/sites\/38\/2021\/11\/saint-joseph-4193226_1280-e1636625338674.jpg","thumbnail_width":1280,"thumbnail_height":853,"description":"locandina San Giuseppe \u00e8 chiamato, nei Vangeli, \u201cil padre di Ges\u00f9\u201d. La sua non \u00e8 una paternit\u00e0 biologica, ma, nella trama degli scarni racconti che lo riguardano, emerge la sua fecondit\u00e0 spirituale. In un tempo"}

Generare. La paternità di Giuseppe

<blockquote class="wp-embedded-content" data-secret="tkKeoKevQz"><a href="https://www.diocesitn.it/area-cultura/2021/11/11/generare/">Generare. La paternità di Giuseppe</a></blockquote><iframe sandbox="allow-scripts" security="restricted" src="https://www.diocesitn.it/area-cultura/2021/11/11/generare/embed/#?secret=tkKeoKevQz" width="600" height="338" title="&#8220;Generare. La paternità di Giuseppe&#8221; &#8212; Cultura" data-secret="tkKeoKevQz" frameborder="0" marginwidth="0" marginheight="0" scrolling="no" class="wp-embedded-content"></iframe><script type="text/javascript">
/* <![CDATA[ */
/*! This file is auto-generated */
!function(d,l){"use strict";l.querySelector&&d.addEventListener&&"undefined"!=typeof URL&&(d.wp=d.wp||{},d.wp.receiveEmbedMessage||(d.wp.receiveEmbedMessage=function(e){var t=e.data;if((t||t.secret||t.message||t.value)&&!/[^a-zA-Z0-9]/.test(t.secret)){for(var s,r,n,a=l.querySelectorAll('iframe[data-secret="'+t.secret+'"]'),o=l.querySelectorAll('blockquote[data-secret="'+t.secret+'"]'),c=new RegExp("^https?:$","i"),i=0;i<o.length;i++)o[i].style.display="none";for(i=0;i<a.length;i++)s=a[i],e.source===s.contentWindow&&(s.removeAttribute("style"),"height"===t.message?(1e3<(r=parseInt(t.value,10))?r=1e3:~~r<200&&(r=200),s.height=r):"link"===t.message&&(r=new URL(s.getAttribute("src")),n=new URL(t.value),c.test(n.protocol))&&n.host===r.host&&l.activeElement===s&&(d.top.location.href=t.value))}},d.addEventListener("message",d.wp.receiveEmbedMessage,!1),l.addEventListener("DOMContentLoaded",function(){for(var e,t,s=l.querySelectorAll("iframe.wp-embedded-content"),r=0;r<s.length;r++)(t=(e=s[r]).getAttribute("data-secret"))||(t=Math.random().toString(36).substring(2,12),e.src+="#?secret="+t,e.setAttribute("data-secret",t)),e.contentWindow.postMessage({message:"ready",secret:t},"*")},!1)))}(window,document);
/* ]]> */
</script>

locandina San Giuseppe è chiamato, nei Vangeli, “il padre di Gesù”. La sua non è una paternità biologica, ma, nella trama degli scarni racconti che lo riguardano, emerge la sua fecondità spirituale. In un tempo
