{"id":1251,"date":"2017-01-18T12:19:33","date_gmt":"2017-01-18T11:19:33","guid":{"rendered":"https:\/\/www.diocesitn.it\/famiglia\/pubblicazioni\/risorse-sul-territorio-2-2-2-2\/"},"modified":"2017-01-18T12:19:33","modified_gmt":"2017-01-18T11:19:33","slug":"risorse-sul-territorio-2-2-2-2","status":"publish","type":"page","link":"https:\/\/www.diocesitn.it\/area-annuncio\/pubblicazioni\/risorse-sul-territorio-2-2-2-2\/","title":{"rendered":"Recensioni"},"content":{"rendered":"<p>&nbsp;<\/p>\n<table style=\"width: 670px;border-color: #05e4fc;background-color: #91e5ed\">\n<tbody>\n<tr style=\"height: 95px\">\n<td style=\"width: 234px;height: 95px\">\n<h6><img loading=\"lazy\" decoding=\"async\" class=\"wp-image-1542 aligncenter\" src=\"https:\/\/www.diocesitn.it\/area-annuncio\/wp-content\/uploads\/sites\/39\/2017\/01\/Voglio-la-mamma-207x300.jpg\" alt=\"\" width=\"100\" height=\"145\" srcset=\"https:\/\/www.diocesitn.it\/area-annuncio\/wp-content\/uploads\/sites\/39\/2017\/01\/Voglio-la-mamma-207x300.jpg 207w, https:\/\/www.diocesitn.it\/area-annuncio\/wp-content\/uploads\/sites\/39\/2017\/01\/Voglio-la-mamma-193x280.jpg 193w, https:\/\/www.diocesitn.it\/area-annuncio\/wp-content\/uploads\/sites\/39\/2017\/01\/Voglio-la-mamma.jpg 233w\" sizes=\"auto, (max-width: 100px) 100vw, 100px\" \/>A. Adonolfi<br \/>\n<em>Voglio la mamma<\/em><\/h6>\n<p>&nbsp;<\/td>\n<td style=\"width: 433px;height: 95px\"><strong>Voglio la mamma <\/strong>M. Adinolfi<br \/>\nUn ragionamento da sinistra, sorprendente e spiazzante, denso di dati e cifre, sui temi controversi del nostro tempo: matrimonio omosessuale, aborto, eutanasia infantile, diagnosi prenatale, &#8220;dolce morte&#8221;, omogenitorialit\u00e0, uteri in affitto, transessualit\u00e0, rapporti familiari. Facendosi accompagnare da Pasolini e De Andr\u00e9, un intellettuale controcorrente compie un viaggio con al centro la figura della donna e l&#8217;esaltazione della maternit\u00e0.<\/p>\n<p style=\"text-align: right\"><a href=\"https:\/\/www.diocesitn.it\/area-annuncio\/wp-content\/uploads\/sites\/39\/2017\/01\/Intervista-Adinolfi.pdf\" target=\"_blank\">Leggi l&#8217;intervista con l&#8217;autore (Vita Trentina)<\/a><\/p>\n<\/td>\n<\/tr>\n<tr style=\"height: 131px\">\n<td style=\"width: 234px;height: 131px\"><img loading=\"lazy\" decoding=\"async\" class=\"wp-image-1545 aligncenter\" src=\"https:\/\/www.diocesitn.it\/area-annuncio\/wp-content\/uploads\/sites\/39\/2017\/01\/La-costruzione-di-un-amore-210x300.jpg\" alt=\"\" width=\"100\" height=\"143\" srcset=\"https:\/\/www.diocesitn.it\/area-annuncio\/wp-content\/uploads\/sites\/39\/2017\/01\/La-costruzione-di-un-amore-210x300.jpg 210w, https:\/\/www.diocesitn.it\/area-annuncio\/wp-content\/uploads\/sites\/39\/2017\/01\/La-costruzione-di-un-amore-196x280.jpg 196w, https:\/\/www.diocesitn.it\/area-annuncio\/wp-content\/uploads\/sites\/39\/2017\/01\/La-costruzione-di-un-amore.jpg 277w\" sizes=\"auto, (max-width: 100px) 100vw, 100px\" \/><\/td>\n<td style=\"width: 433px;height: 131px\"><strong>La costruzione di un amore<\/strong><\/p>\n<p>Ogni coppia pu\u00f2 costruire solo il suo di amore, impossibile pensare che il percorso sia tracciato e definito da qualcun&#8217;altro.Costruzione e manutenzione dell&#8217;amore, allora, sono semplicemente da accompagnare con cura, pazienza, un po&#8217; di spensieratezza e la certezza che colui che \u00e8 Amore si fa accanto e compagno di strada, anche quando il sentiero sembra perso.<\/p>\n<p style=\"text-align: right\"><a href=\"https:\/\/www.diocesitn.it\/area-annuncio\/wp-content\/uploads\/sites\/39\/2017\/01\/La-costruzione-di-un-amore.pdf\" target=\"_blank\">Scheda di presentazione<\/a><\/p>\n<\/td>\n<\/tr>\n<tr style=\"height: 99px\">\n<td style=\"width: 234px;height: 99px\">\n<h6><img loading=\"lazy\" decoding=\"async\" class=\"wp-image-1547 aligncenter\" src=\"https:\/\/www.diocesitn.it\/area-annuncio\/wp-content\/uploads\/sites\/39\/2017\/01\/Il-mio-amico-Gesu-copertina-210x300.jpg\" alt=\"\" width=\"100\" height=\"143\" srcset=\"https:\/\/www.diocesitn.it\/area-annuncio\/wp-content\/uploads\/sites\/39\/2017\/01\/Il-mio-amico-Gesu-copertina-210x300.jpg 210w, https:\/\/www.diocesitn.it\/area-annuncio\/wp-content\/uploads\/sites\/39\/2017\/01\/Il-mio-amico-Gesu-copertina.jpg 716w, https:\/\/www.diocesitn.it\/area-annuncio\/wp-content\/uploads\/sites\/39\/2017\/01\/Il-mio-amico-Gesu-copertina-196x280.jpg 196w, https:\/\/www.diocesitn.it\/area-annuncio\/wp-content\/uploads\/sites\/39\/2017\/01\/Il-mio-amico-Gesu-copertina-537x768.jpg 537w, https:\/\/www.diocesitn.it\/area-annuncio\/wp-content\/uploads\/sites\/39\/2017\/01\/Il-mio-amico-Gesu-copertina-600x858.jpg 600w\" sizes=\"auto, (max-width: 100px) 100vw, 100px\" \/>V. DUIELLA-A. OSCULATI<\/h6>\n<h6>Il mio amico Ges\u00f9. La pi\u00f9 grande storia mai raccontata<\/h6>\n<h6>In Dialogo, 2013,<\/h6>\n<h6>pp. 64, \u00a0\u20ac 5,40.<\/h6>\n<\/td>\n<td style=\"width: 433px;height: 99px\"><strong>Il mio amico Ges\u00f9<\/strong><br \/>\nNato in un contesto di pastorale battesimale, \u00e8 uno strumento agile ed essenziale per accompagnare la crescita dei pi\u00f9 piccoli nell&#8217;incontro con Ges\u00f9 e la sua Parola.Pensato per i bambini dai 5 anni, pu\u00f2 essere utilizzato in famiglia anche con i pi\u00f9 piccoli. Indicato anche come strumento per la riflessione e il confronto nelle prime esperienze di vita di gruppo, o per l&#8217;educazione religiosa a scuola. Alessandra Osculati \u00e8 collaboratrice del Centro di Pastorale Familiare e si occupa, con il marito, di pastorale battesimale a Levico, nella sua parrocchia.<\/td>\n<\/tr>\n<tr style=\"height: 130px\">\n<td style=\"width: 234px;height: 130px\"><img loading=\"lazy\" decoding=\"async\" class=\"wp-image-1550 aligncenter\" src=\"https:\/\/www.diocesitn.it\/area-annuncio\/wp-content\/uploads\/sites\/39\/2017\/01\/Memory-di-Pasqua-241x300.jpg\" alt=\"\" width=\"100\" height=\"124\" \/><\/td>\n<td style=\"width: 433px;height: 130px\"><strong>Memory di Pasqua<\/strong><\/p>\n<p>La diocesi di Cuneo propone il Memory di Pasqua un gioco con 24 coppie di carte per &#8220;ricuordare&#8221;<br \/>\nUn modo per ri-cuor-dare attraverso il gioco di carte il grande amore di Ges\u00f9 per ciascuno di noi.Un sussidio per vivere la Quaresima in famiglia, in parrocchia o a catechesi attraverso interviste e suggerimenti per gli impegni concreti da vivere durante la settimana.Si trova anche la traccia per la Via Crucis e la Via Lucis<\/p>\n<p style=\"text-align: right\"><a href=\"http:\/\/ragazzi.diocesicuneo.it\/default.aspx\" target=\"_blank\">Visita il sito<\/a><\/p>\n<\/td>\n<\/tr>\n<tr style=\"height: 79px\">\n<td style=\"width: 234px;height: 79px\">\n<h6><img loading=\"lazy\" decoding=\"async\" class=\"wp-image-1553 aligncenter\" src=\"https:\/\/www.diocesitn.it\/area-annuncio\/wp-content\/uploads\/sites\/39\/2017\/01\/Fuad-e-Jamila-Copertina-300x212.jpg\" alt=\"\" width=\"101\" height=\"71\" \/>C. ZANOTTI-D. GUICCIARDINI<br \/>\nFu&#8217;ad e Jamila<br \/>\n2013, pp. 32, Euro 13,50.<\/h6>\n<\/td>\n<td style=\"width: 433px;height: 79px\">\n<p style=\"text-align: left\"><strong>Fu&#8217;ad e Jamila<\/strong><br \/>\nUn libro illustrato, con un linguaggio adatto ai bambini, realizzato in collaborazione con Caritas Italiana, sul tema dell&#8217;accoglienza dei migranti.<\/p>\n<p>Le storie sono fatte di desideri, speranze e di sogni. Ma a volte \u00e8 la vita vera che ci riserva le sorprese pi\u00f9 grandi&#8230;<\/p>\n<p style=\"text-align: right\"><a href=\"http:\/\/www.edizionilapis.it\/it\/libro.php?id=373\" target=\"_blank\">Scheda di presentazione<\/a><\/p>\n<\/td>\n<\/tr>\n<tr style=\"height: 102px\">\n<td style=\"width: 234px;height: 102px\">\n<h6><img loading=\"lazy\" decoding=\"async\" class=\"wp-image-1554 aligncenter\" src=\"https:\/\/www.diocesitn.it\/area-annuncio\/wp-content\/uploads\/sites\/39\/2017\/01\/Copertina-libro-una-storia-damore-220x300.jpg\" alt=\"\" width=\"100\" height=\"136\" \/>G. GIRARDI &#8211; L. TOGNI<br \/>\nUna storia d&#8217;amore, di fede e di coraggio.<br \/>\nFranz e Franziska J\u00e4gerst\u00e4tter di fronte al nazismo.<br \/>\nIl Pozzo di Giacobbe, 2013, pp. 280, \u20ac 19,12.<\/h6>\n<\/td>\n<td style=\"width: 433px;height: 102px\">\n<p style=\"text-align: left\"><strong>Una storia d&#8217;amore, di fede e di coraggio<\/strong><br \/>\nFranz e Franziska J\u00e4gerst\u00e4tter di fronte al nazismo<br \/>\n139 lettere, nell&#8217;arco degli anni 1940-43, per raccontare \u201cuna storia d&#8217;amore, di fede e di coraggio\u201d. Non una fiction dunque, ma la vicenda di 2 sposi, e genitori di 3 figlie piccole, che hanno vissuto 7 anni di matrimonio (dei quali solo 4 insieme), 70 separati dalla morte e che dallo scorso anno si sono ricongiunti in cielo. Stiamo parlando di Franz e Franziska J\u00e4gerst\u00e4tter,\u2026<\/p>\n<p style=\"text-align: right\"><a href=\"https:\/\/www.diocesitn.it\/area-annuncio\/wp-content\/uploads\/sites\/39\/2017\/01\/Recensione-libro-Jaegerstaetter.pdf\">Leggi tutto<\/a><\/p>\n<\/td>\n<\/tr>\n<tr style=\"height: 102px\">\n<td style=\"width: 234px;height: 102px\"><img loading=\"lazy\" decoding=\"async\" class=\"wp-image-1558 aligncenter\" src=\"https:\/\/www.diocesitn.it\/area-annuncio\/wp-content\/uploads\/sites\/39\/2017\/01\/ABC_Matrimonio-1.jpg\" alt=\"\" width=\"100\" height=\"142\" srcset=\"https:\/\/www.diocesitn.it\/area-annuncio\/wp-content\/uploads\/sites\/39\/2017\/01\/ABC_Matrimonio-1.jpg 200w, https:\/\/www.diocesitn.it\/area-annuncio\/wp-content\/uploads\/sites\/39\/2017\/01\/ABC_Matrimonio-1-198x280.jpg 198w\" sizes=\"auto, (max-width: 100px) 100vw, 100px\" \/><\/p>\n<h6>EMANUELA E GREGORIO VIVALDELLI<br \/>\nABC per la preparazione al Matrimonio<br \/>\nSan Paolo Edizioni, 2011, 64 pp, \u20ac 3,90<\/h6>\n<\/td>\n<td style=\"width: 433px;height: 102px\"><strong>ABC per la preparazione al matrimonio<\/strong><\/p>\n<p>Il testo, volutamente scritto a quattro mani, quelle del noto biblista trentino e di sua moglie, pu\u00f2 essere considerato una piccola ma convincente introduzione al Matrimonio cristiano, inteso come vocazione della coppia nella Chiesa e per la Chiesa. Ci propone questa particolare via alla santit\u00e0, cercando nell&#8217;ascolto della Parola e nell&#8217;incontro con Ges\u00f9 la forza per viverla nell\u2019imprevedibile quotidianit\u00e0 che aspetta ogni coppia: \u00ab(&#8230;) il matrimonio non \u00e8 una vacanza all inclusive , dove tutto \u00e8 programmato e previsto. In realt\u00e0 (e per fortuna) \u00e8 un viaggio avventuroso (&#8230;)\u00bb.<\/p>\n<p style=\"text-align: right\"><a href=\"https:\/\/www.diocesitn.it\/area-annuncio\/wp-content\/uploads\/sites\/39\/2017\/01\/ABC-del-Matrimonio.pdf\">Presentazione del testo<\/a><br \/>\na cura del Centro di pastorale familiare<\/p>\n<p>&nbsp;<\/td>\n<\/tr>\n<tr style=\"height: 102px\">\n<td style=\"width: 234px;height: 102px\"><img loading=\"lazy\" decoding=\"async\" class=\"wp-image-1560 aligncenter\" src=\"https:\/\/www.diocesitn.it\/area-annuncio\/wp-content\/uploads\/sites\/39\/2017\/01\/Famiglia_cuore_vocazione-206x300.jpg\" alt=\"\" width=\"100\" height=\"146\" \/>P.GENTILI &#8211; N. DAL MOLIN<br \/>\nLa famiglia cuore della vocazione,<br \/>\nCantagalli, Siena 2011, pp. 288, \u20ac 17,00.<\/td>\n<td style=\"width: 433px;height: 102px\"><strong>La famiglia cuore della vocazione<\/strong><br \/>\nSi parla molto oggi della famiglia per i problemi che la segnano, a partire da quella crisi, o emergenza, sul fronte dell&#8217;educazione, cui la Chiesa italiana dedica il decennio in corso. Ma la famiglia \u00e8 soprattutto risorsa; lo \u00e8 in molti ambiti, soprattutto in campo vocazionale.<\/p>\n<p style=\"text-align: right\"><a href=\"http:\/\/www.webdiocesi.chiesacattolica.it\/cci_new\/s2magazine\/AllegatiArt\/207\/2011_11_10%20la%20famiglia%20cuore%20della%20vocazione.pdf\" target=\"_blank\">Presentazione del testo<\/a><br \/>\na cura del Centro di pastorale familiare<\/p>\n<\/td>\n<\/tr>\n<\/tbody>\n<\/table>\n<p>&nbsp;<\/p>\n","protected":false},"excerpt":{"rendered":"<p>&nbsp; A. Adonolfi Voglio la mamma &nbsp; Voglio la mamma M. Adinolfi Un ragionamento da sinistra, sorprendente e spiazzante, denso di dati e cifre, sui temi controversi del nostro tempo: matrimonio omosessuale, aborto, eutanasia infantile,<\/p>\n","protected":false},"author":14,"featured_media":0,"parent":1223,"menu_order":4,"comment_status":"closed","ping_status":"closed","template":"","meta":{"footnotes":""},"class_list":["post-1251","page","type-page","status-publish","hentry"],"acf":{"seed-localization-paese-cod":"","seed-localization-address":"","seed-localization-citta":"","seed-localization-regione-cod-istat":"","seed-localization-citta-cod-istat":"","seed-localization-localita":"","seed-localization-cap":"","seed-localization-marker-visibility":false,"seed-localization-children-visibility":false,"seed-localization-kml":null,"seed-localization-custom-marker":null},"yoast_head":"<!-- This site is optimized with the Yoast SEO Premium plugin v20.2.1 (Yoast SEO v22.2) - https:\/\/yoast.com\/wordpress\/plugins\/seo\/ -->\n<title>Recensioni - Annuncio e Sacramenti<\/title>\n<meta name=\"robots\" content=\"index, follow, max-snippet:-1, max-image-preview:large, max-video-preview:-1\" \/>\n<link rel=\"canonical\" href=\"https:\/\/www.diocesitn.it\/area-annuncio\/pubblicazioni\/risorse-sul-territorio-2-2-2-2\/\" \/>\n<meta property=\"og:locale\" content=\"it_IT\" \/>\n<meta property=\"og:type\" content=\"article\" \/>\n<meta property=\"og:title\" content=\"Recensioni\" \/>\n<meta property=\"og:description\" content=\"&nbsp; A. Adonolfi Voglio la mamma &nbsp; Voglio la mamma M. Adinolfi Un ragionamento da sinistra, sorprendente e spiazzante, denso di dati e cifre, sui temi controversi del nostro tempo: matrimonio omosessuale, aborto, eutanasia infantile,\" \/>\n<meta property=\"og:url\" content=\"https:\/\/www.diocesitn.it\/area-annuncio\/pubblicazioni\/risorse-sul-territorio-2-2-2-2\/\" \/>\n<meta property=\"og:site_name\" content=\"Annuncio e Sacramenti\" \/>\n<meta property=\"article:publisher\" content=\"https:\/\/www.facebook.com\/pastoralegiovanile.trento\/\" \/>\n<meta property=\"og:image\" content=\"https:\/\/www.diocesitn.it\/area-annuncio\/wp-content\/uploads\/sites\/39\/2017\/01\/Voglio-la-mamma-207x300.jpg\" \/>\n<meta name=\"twitter:card\" content=\"summary_large_image\" \/>\n<meta name=\"twitter:label1\" content=\"Tempo di lettura stimato\" \/>\n\t<meta name=\"twitter:data1\" content=\"3 minuti\" \/>\n<script type=\"application\/ld+json\" class=\"yoast-schema-graph\">{\"@context\":\"https:\/\/schema.org\",\"@graph\":[{\"@type\":\"WebPage\",\"@id\":\"https:\/\/www.diocesitn.it\/area-annuncio\/pubblicazioni\/risorse-sul-territorio-2-2-2-2\/\",\"url\":\"https:\/\/www.diocesitn.it\/area-annuncio\/pubblicazioni\/risorse-sul-territorio-2-2-2-2\/\",\"name\":\"Recensioni - Annuncio e Sacramenti\",\"isPartOf\":{\"@id\":\"https:\/\/www.diocesitn.it\/area-annuncio\/#website\"},\"primaryImageOfPage\":{\"@id\":\"https:\/\/www.diocesitn.it\/area-annuncio\/pubblicazioni\/risorse-sul-territorio-2-2-2-2\/#primaryimage\"},\"image\":{\"@id\":\"https:\/\/www.diocesitn.it\/area-annuncio\/pubblicazioni\/risorse-sul-territorio-2-2-2-2\/#primaryimage\"},\"thumbnailUrl\":\"https:\/\/www.diocesitn.it\/area-annuncio\/wp-content\/uploads\/sites\/39\/2017\/01\/Voglio-la-mamma-207x300.jpg\",\"datePublished\":\"2017-01-18T11:19:33+00:00\",\"dateModified\":\"2017-01-18T11:19:33+00:00\",\"breadcrumb\":{\"@id\":\"https:\/\/www.diocesitn.it\/area-annuncio\/pubblicazioni\/risorse-sul-territorio-2-2-2-2\/#breadcrumb\"},\"inLanguage\":\"it-IT\",\"potentialAction\":[{\"@type\":\"ReadAction\",\"target\":[\"https:\/\/www.diocesitn.it\/area-annuncio\/pubblicazioni\/risorse-sul-territorio-2-2-2-2\/\"]}]},{\"@type\":\"ImageObject\",\"inLanguage\":\"it-IT\",\"@id\":\"https:\/\/www.diocesitn.it\/area-annuncio\/pubblicazioni\/risorse-sul-territorio-2-2-2-2\/#primaryimage\",\"url\":\"https:\/\/www.diocesitn.it\/area-annuncio\/wp-content\/uploads\/sites\/39\/2017\/01\/Voglio-la-mamma.jpg\",\"contentUrl\":\"https:\/\/www.diocesitn.it\/area-annuncio\/wp-content\/uploads\/sites\/39\/2017\/01\/Voglio-la-mamma.jpg\",\"width\":233,\"height\":338},{\"@type\":\"BreadcrumbList\",\"@id\":\"https:\/\/www.diocesitn.it\/area-annuncio\/pubblicazioni\/risorse-sul-territorio-2-2-2-2\/#breadcrumb\",\"itemListElement\":[{\"@type\":\"ListItem\",\"position\":1,\"name\":\"Home\",\"item\":\"https:\/\/www.diocesitn.it\/area-annuncio\/\"},{\"@type\":\"ListItem\",\"position\":2,\"name\":\"PUBBLICAZIONI\",\"item\":\"https:\/\/www.diocesitn.it\/area-annuncio\/pubblicazioni\/\"},{\"@type\":\"ListItem\",\"position\":3,\"name\":\"Recensioni\"}]},{\"@type\":\"WebSite\",\"@id\":\"https:\/\/www.diocesitn.it\/area-annuncio\/#website\",\"url\":\"https:\/\/www.diocesitn.it\/area-annuncio\/\",\"name\":\"Annuncio e Sacramenti\",\"description\":\"Chiesa di Trento\",\"publisher\":{\"@id\":\"https:\/\/www.diocesitn.it\/area-annuncio\/#organization\"},\"potentialAction\":[{\"@type\":\"SearchAction\",\"target\":{\"@type\":\"EntryPoint\",\"urlTemplate\":\"https:\/\/www.diocesitn.it\/area-annuncio\/?s={search_term_string}\"},\"query-input\":\"required name=search_term_string\"}],\"inLanguage\":\"it-IT\"},{\"@type\":[\"Organization\",\"Place\"],\"@id\":\"https:\/\/www.diocesitn.it\/area-annuncio\/#organization\",\"name\":\"Area Annuncio e Sacramenti - Chiesa di Trento\",\"url\":\"https:\/\/www.diocesitn.it\/area-annuncio\/\",\"logo\":{\"@id\":\"https:\/\/www.diocesitn.it\/area-annuncio\/pubblicazioni\/risorse-sul-territorio-2-2-2-2\/#local-main-organization-logo\"},\"image\":{\"@id\":\"https:\/\/www.diocesitn.it\/area-annuncio\/pubblicazioni\/risorse-sul-territorio-2-2-2-2\/#local-main-organization-logo\"},\"sameAs\":[\"https:\/\/www.facebook.com\/pastoralegiovanile.trento\/\",\"https:\/\/www.instagram.com\/pastoralegiovaniletrento\/\",\"https:\/\/www.youtube.com\/channel\/UCGt7hyJaIQIkrQPos4K6L6w\"],\"openingHoursSpecification\":[{\"@type\":\"OpeningHoursSpecification\",\"dayOfWeek\":[\"Monday\",\"Tuesday\",\"Wednesday\",\"Thursday\",\"Friday\",\"Saturday\",\"Sunday\"],\"opens\":\"09:00\",\"closes\":\"17:00\"}]},{\"@type\":\"ImageObject\",\"inLanguage\":\"it-IT\",\"@id\":\"https:\/\/www.diocesitn.it\/area-annuncio\/pubblicazioni\/risorse-sul-territorio-2-2-2-2\/#local-main-organization-logo\",\"url\":\"https:\/\/www.diocesitn.it\/area-annuncio\/wp-content\/uploads\/sites\/39\/2021\/09\/og-logo-annuncio-e-sacramenti.jpg\",\"contentUrl\":\"https:\/\/www.diocesitn.it\/area-annuncio\/wp-content\/uploads\/sites\/39\/2021\/09\/og-logo-annuncio-e-sacramenti.jpg\",\"width\":1200,\"height\":630,\"caption\":\"Area Annuncio e Sacramenti - Chiesa di Trento\"}]}<\/script>\n<!-- \/ Yoast SEO Premium plugin. -->","yoast_head_json":{"title":"Recensioni - Annuncio e Sacramenti","robots":{"index":"index","follow":"follow","max-snippet":"max-snippet:-1","max-image-preview":"max-image-preview:large","max-video-preview":"max-video-preview:-1"},"canonical":"https:\/\/www.diocesitn.it\/area-annuncio\/pubblicazioni\/risorse-sul-territorio-2-2-2-2\/","og_locale":"it_IT","og_type":"article","og_title":"Recensioni","og_description":"&nbsp; A. Adonolfi Voglio la mamma &nbsp; Voglio la mamma M. Adinolfi Un ragionamento da sinistra, sorprendente e spiazzante, denso di dati e cifre, sui temi controversi del nostro tempo: matrimonio omosessuale, aborto, eutanasia infantile,","og_url":"https:\/\/www.diocesitn.it\/area-annuncio\/pubblicazioni\/risorse-sul-territorio-2-2-2-2\/","og_site_name":"Annuncio e Sacramenti","article_publisher":"https:\/\/www.facebook.com\/pastoralegiovanile.trento\/","og_image":[{"url":"https:\/\/www.diocesitn.it\/area-annuncio\/wp-content\/uploads\/sites\/39\/2017\/01\/Voglio-la-mamma-207x300.jpg"}],"twitter_card":"summary_large_image","twitter_misc":{"Tempo di lettura stimato":"3 minuti"},"schema":{"@context":"https:\/\/schema.org","@graph":[{"@type":"WebPage","@id":"https:\/\/www.diocesitn.it\/area-annuncio\/pubblicazioni\/risorse-sul-territorio-2-2-2-2\/","url":"https:\/\/www.diocesitn.it\/area-annuncio\/pubblicazioni\/risorse-sul-territorio-2-2-2-2\/","name":"Recensioni - Annuncio e Sacramenti","isPartOf":{"@id":"https:\/\/www.diocesitn.it\/area-annuncio\/#website"},"primaryImageOfPage":{"@id":"https:\/\/www.diocesitn.it\/area-annuncio\/pubblicazioni\/risorse-sul-territorio-2-2-2-2\/#primaryimage"},"image":{"@id":"https:\/\/www.diocesitn.it\/area-annuncio\/pubblicazioni\/risorse-sul-territorio-2-2-2-2\/#primaryimage"},"thumbnailUrl":"https:\/\/www.diocesitn.it\/area-annuncio\/wp-content\/uploads\/sites\/39\/2017\/01\/Voglio-la-mamma-207x300.jpg","datePublished":"2017-01-18T11:19:33+00:00","dateModified":"2017-01-18T11:19:33+00:00","breadcrumb":{"@id":"https:\/\/www.diocesitn.it\/area-annuncio\/pubblicazioni\/risorse-sul-territorio-2-2-2-2\/#breadcrumb"},"inLanguage":"it-IT","potentialAction":[{"@type":"ReadAction","target":["https:\/\/www.diocesitn.it\/area-annuncio\/pubblicazioni\/risorse-sul-territorio-2-2-2-2\/"]}]},{"@type":"ImageObject","inLanguage":"it-IT","@id":"https:\/\/www.diocesitn.it\/area-annuncio\/pubblicazioni\/risorse-sul-territorio-2-2-2-2\/#primaryimage","url":"https:\/\/www.diocesitn.it\/area-annuncio\/wp-content\/uploads\/sites\/39\/2017\/01\/Voglio-la-mamma.jpg","contentUrl":"https:\/\/www.diocesitn.it\/area-annuncio\/wp-content\/uploads\/sites\/39\/2017\/01\/Voglio-la-mamma.jpg","width":233,"height":338},{"@type":"BreadcrumbList","@id":"https:\/\/www.diocesitn.it\/area-annuncio\/pubblicazioni\/risorse-sul-territorio-2-2-2-2\/#breadcrumb","itemListElement":[{"@type":"ListItem","position":1,"name":"Home","item":"https:\/\/www.diocesitn.it\/area-annuncio\/"},{"@type":"ListItem","position":2,"name":"PUBBLICAZIONI","item":"https:\/\/www.diocesitn.it\/area-annuncio\/pubblicazioni\/"},{"@type":"ListItem","position":3,"name":"Recensioni"}]},{"@type":"WebSite","@id":"https:\/\/www.diocesitn.it\/area-annuncio\/#website","url":"https:\/\/www.diocesitn.it\/area-annuncio\/","name":"Annuncio e Sacramenti","description":"Chiesa di Trento","publisher":{"@id":"https:\/\/www.diocesitn.it\/area-annuncio\/#organization"},"potentialAction":[{"@type":"SearchAction","target":{"@type":"EntryPoint","urlTemplate":"https:\/\/www.diocesitn.it\/area-annuncio\/?s={search_term_string}"},"query-input":"required name=search_term_string"}],"inLanguage":"it-IT"},{"@type":["Organization","Place"],"@id":"https:\/\/www.diocesitn.it\/area-annuncio\/#organization","name":"Area Annuncio e Sacramenti - Chiesa di Trento","url":"https:\/\/www.diocesitn.it\/area-annuncio\/","logo":{"@id":"https:\/\/www.diocesitn.it\/area-annuncio\/pubblicazioni\/risorse-sul-territorio-2-2-2-2\/#local-main-organization-logo"},"image":{"@id":"https:\/\/www.diocesitn.it\/area-annuncio\/pubblicazioni\/risorse-sul-territorio-2-2-2-2\/#local-main-organization-logo"},"sameAs":["https:\/\/www.facebook.com\/pastoralegiovanile.trento\/","https:\/\/www.instagram.com\/pastoralegiovaniletrento\/","https:\/\/www.youtube.com\/channel\/UCGt7hyJaIQIkrQPos4K6L6w"],"openingHoursSpecification":[{"@type":"OpeningHoursSpecification","dayOfWeek":["Monday","Tuesday","Wednesday","Thursday","Friday","Saturday","Sunday"],"opens":"09:00","closes":"17:00"}]},{"@type":"ImageObject","inLanguage":"it-IT","@id":"https:\/\/www.diocesitn.it\/area-annuncio\/pubblicazioni\/risorse-sul-territorio-2-2-2-2\/#local-main-organization-logo","url":"https:\/\/www.diocesitn.it\/area-annuncio\/wp-content\/uploads\/sites\/39\/2021\/09\/og-logo-annuncio-e-sacramenti.jpg","contentUrl":"https:\/\/www.diocesitn.it\/area-annuncio\/wp-content\/uploads\/sites\/39\/2021\/09\/og-logo-annuncio-e-sacramenti.jpg","width":1200,"height":630,"caption":"Area Annuncio e Sacramenti - Chiesa di Trento"}]}},"_links":{"self":[{"href":"https:\/\/www.diocesitn.it\/area-annuncio\/wp-json\/wp\/v2\/pages\/1251","targetHints":{"allow":["GET"]}}],"collection":[{"href":"https:\/\/www.diocesitn.it\/area-annuncio\/wp-json\/wp\/v2\/pages"}],"about":[{"href":"https:\/\/www.diocesitn.it\/area-annuncio\/wp-json\/wp\/v2\/types\/page"}],"author":[{"embeddable":true,"href":"https:\/\/www.diocesitn.it\/area-annuncio\/wp-json\/wp\/v2\/users\/14"}],"replies":[{"embeddable":true,"href":"https:\/\/www.diocesitn.it\/area-annuncio\/wp-json\/wp\/v2\/comments?post=1251"}],"version-history":[{"count":0,"href":"https:\/\/www.diocesitn.it\/area-annuncio\/wp-json\/wp\/v2\/pages\/1251\/revisions"}],"up":[{"embeddable":true,"href":"https:\/\/www.diocesitn.it\/area-annuncio\/wp-json\/wp\/v2\/pages\/1223"}],"wp:attachment":[{"href":"https:\/\/www.diocesitn.it\/area-annuncio\/wp-json\/wp\/v2\/media?parent=1251"}],"curies":[{"name":"wp","href":"https:\/\/api.w.org\/{rel}","templated":true}]}}