{"version":"1.0","provider_name":"Annuncio e Sacramenti","provider_url":"https:\/\/www.diocesitn.it\/area-annuncio","title":"La Diocesi di Trento verso la beatificazione di Alfredo Dall'Oglio il prossimo 13 dicembre a Parigi - Sussidi per le comunit\u00e0","type":"rich","width":600,"height":338,"html":"<blockquote class=\"wp-embedded-content\" data-secret=\"n4AEoFK4Oi\"><a href=\"https:\/\/www.diocesitn.it\/area-annuncio\/2025\/12\/02\/beatificazione-alfredo-dalloglio-13-dicembre\/\">La Diocesi di Trento verso la beatificazione di Alfredo Dall&#8217;Oglio il prossimo 13 dicembre a Parigi &#8211; Sussidi per le comunit\u00e0<\/a><\/blockquote><iframe sandbox=\"allow-scripts\" security=\"restricted\" src=\"https:\/\/www.diocesitn.it\/area-annuncio\/2025\/12\/02\/beatificazione-alfredo-dalloglio-13-dicembre\/embed\/#?secret=n4AEoFK4Oi\" width=\"600\" height=\"338\" title=\"&#8220;La Diocesi di Trento verso la beatificazione di Alfredo Dall&#8217;Oglio il prossimo 13 dicembre a Parigi &#8211; Sussidi per le comunit\u00e0&#8221; &#8212; Annuncio e Sacramenti\" data-secret=\"n4AEoFK4Oi\" frameborder=\"0\" marginwidth=\"0\" marginheight=\"0\" scrolling=\"no\" class=\"wp-embedded-content\"><\/iframe><script type=\"text\/javascript\">\n\/* <![CDATA[ *\/\n\/*! This file is auto-generated *\/\n!function(d,l){\"use strict\";l.querySelector&&d.addEventListener&&\"undefined\"!=typeof URL&&(d.wp=d.wp||{},d.wp.receiveEmbedMessage||(d.wp.receiveEmbedMessage=function(e){var t=e.data;if((t||t.secret||t.message||t.value)&&!\/[^a-zA-Z0-9]\/.test(t.secret)){for(var s,r,n,a=l.querySelectorAll('iframe[data-secret=\"'+t.secret+'\"]'),o=l.querySelectorAll('blockquote[data-secret=\"'+t.secret+'\"]'),c=new RegExp(\"^https?:$\",\"i\"),i=0;i<o.length;i++)o[i].style.display=\"none\";for(i=0;i<a.length;i++)s=a[i],e.source===s.contentWindow&&(s.removeAttribute(\"style\"),\"height\"===t.message?(1e3<(r=parseInt(t.value,10))?r=1e3:~~r<200&&(r=200),s.height=r):\"link\"===t.message&&(r=new URL(s.getAttribute(\"src\")),n=new URL(t.value),c.test(n.protocol))&&n.host===r.host&&l.activeElement===s&&(d.top.location.href=t.value))}},d.addEventListener(\"message\",d.wp.receiveEmbedMessage,!1),l.addEventListener(\"DOMContentLoaded\",function(){for(var e,t,s=l.querySelectorAll(\"iframe.wp-embedded-content\"),r=0;r<s.length;r++)(t=(e=s[r]).getAttribute(\"data-secret\"))||(t=Math.random().toString(36).substring(2,12),e.src+=\"#?secret=\"+t,e.setAttribute(\"data-secret\",t)),e.contentWindow.postMessage({message:\"ready\",secret:t},\"*\")},!1)))}(window,document);\n\/* ]]> *\/\n<\/script>\n","thumbnail_url":"https:\/\/www.diocesitn.it\/area-annuncio\/wp-content\/uploads\/sites\/39\/2025\/12\/DallOglio-Ritratto-Magnini-.jpg","thumbnail_width":1500,"thumbnail_height":1301,"description":"La prossima beatificazione del nostro conterraneo Alfredo Dall\u2019Oglio \u00e8 non solo un evento straordinario per l\u2019intera Diocesi, ma un\u2019opportunit\u00e0 provvidenziale da cogliere per due buoni motivi:- \u00e8 occasione per un annuncio evangelico proposto con il linguaggio della testimonianza, e perci\u00f2 stesso efficace, se \u00e8 vero che \u201cl\u2019uomo d\u2019oggi presta pi\u00f9 attenzione ai testimoni che ai maestri\u201d (Paolo VI) . La Beatificazione di Alfredo offre uno stile di coerenza cristiana, mite e audace allo stesso tempo, che pu\u00f2 parlare non solo ai giovani ma alle persone di qualsiasi et\u00e0.- Inoltre, dato il contesto culturale (e politico) che caratterizza il nostro tempo, nel quale sembrano \u201criemergere antichi fantasmi di un nefasto passato\u201d,\u00a0 questo evento \u00e8 a suo modo un allarme che la Chiesa \u2013 per il compito di sentinella che le spetta \u2013 deve giustamente lanciare, e lo pu\u00f2 fare con l\u2019unico linguaggio di sua competenza: non quello della politica, bens\u00ec della testimonianza."}

La Diocesi di Trento verso la beatificazione di Alfredo Dall'Oglio il prossimo 13 dicembre a Parigi - Sussidi per le comunità

<blockquote class="wp-embedded-content" data-secret="n4AEoFK4Oi"><a href="https://www.diocesitn.it/area-annuncio/2025/12/02/beatificazione-alfredo-dalloglio-13-dicembre/">La Diocesi di Trento verso la beatificazione di Alfredo Dall&#8217;Oglio il prossimo 13 dicembre a Parigi &#8211; Sussidi per le comunità</a></blockquote><iframe sandbox="allow-scripts" security="restricted" src="https://www.diocesitn.it/area-annuncio/2025/12/02/beatificazione-alfredo-dalloglio-13-dicembre/embed/#?secret=n4AEoFK4Oi" width="600" height="338" title="&#8220;La Diocesi di Trento verso la beatificazione di Alfredo Dall&#8217;Oglio il prossimo 13 dicembre a Parigi &#8211; Sussidi per le comunità&#8221; &#8212; Annuncio e Sacramenti" data-secret="n4AEoFK4Oi" frameborder="0" marginwidth="0" marginheight="0" scrolling="no" class="wp-embedded-content"></iframe><script type="text/javascript">
/* <![CDATA[ */
/*! This file is auto-generated */
!function(d,l){"use strict";l.querySelector&&d.addEventListener&&"undefined"!=typeof URL&&(d.wp=d.wp||{},d.wp.receiveEmbedMessage||(d.wp.receiveEmbedMessage=function(e){var t=e.data;if((t||t.secret||t.message||t.value)&&!/[^a-zA-Z0-9]/.test(t.secret)){for(var s,r,n,a=l.querySelectorAll('iframe[data-secret="'+t.secret+'"]'),o=l.querySelectorAll('blockquote[data-secret="'+t.secret+'"]'),c=new RegExp("^https?:$","i"),i=0;i<o.length;i++)o[i].style.display="none";for(i=0;i<a.length;i++)s=a[i],e.source===s.contentWindow&&(s.removeAttribute("style"),"height"===t.message?(1e3<(r=parseInt(t.value,10))?r=1e3:~~r<200&&(r=200),s.height=r):"link"===t.message&&(r=new URL(s.getAttribute("src")),n=new URL(t.value),c.test(n.protocol))&&n.host===r.host&&l.activeElement===s&&(d.top.location.href=t.value))}},d.addEventListener("message",d.wp.receiveEmbedMessage,!1),l.addEventListener("DOMContentLoaded",function(){for(var e,t,s=l.querySelectorAll("iframe.wp-embedded-content"),r=0;r<s.length;r++)(t=(e=s[r]).getAttribute("data-secret"))||(t=Math.random().toString(36).substring(2,12),e.src+="#?secret="+t,e.setAttribute("data-secret",t)),e.contentWindow.postMessage({message:"ready",secret:t},"*")},!1)))}(window,document);
/* ]]> */
</script>

La prossima beatificazione del nostro conterraneo Alfredo Dall’Oglio è non solo un evento straordinario per l’intera Diocesi, ma un’opportunità provvidenziale da cogliere per due buoni motivi:- è occasione per un annuncio evangelico proposto con il linguaggio della testimonianza, e perciò stesso efficace, se è vero che “l’uomo d’oggi presta più attenzione ai testimoni che ai maestri” (Paolo VI) . La Beatificazione di Alfredo offre uno stile di coerenza cristiana, mite e audace allo stesso tempo, che può parlare non solo ai giovani ma alle persone di qualsiasi età.- Inoltre, dato il contesto culturale (e politico) che caratterizza il nostro tempo, nel quale sembrano “riemergere antichi fantasmi di un nefasto passato”,  questo evento è a suo modo un allarme che la Chiesa – per il compito di sentinella che le spetta – deve giustamente lanciare, e lo può fare con l’unico linguaggio di sua competenza: non quello della politica, bensì della testimonianza.
