{"version":"1.0","provider_name":"Annuncio e Sacramenti","provider_url":"https:\/\/www.diocesitn.it\/area-annuncio","title":"FxA Senior - 2018","type":"rich","width":600,"height":338,"html":"<blockquote class=\"wp-embedded-content\" data-secret=\"qcZ4LDA4AT\"><a href=\"https:\/\/www.diocesitn.it\/area-annuncio\/2018\/02\/19\/fxa-senior-2018\/\">FxA Senior &#8211; 2018<\/a><\/blockquote><iframe sandbox=\"allow-scripts\" security=\"restricted\" src=\"https:\/\/www.diocesitn.it\/area-annuncio\/2018\/02\/19\/fxa-senior-2018\/embed\/#?secret=qcZ4LDA4AT\" width=\"600\" height=\"338\" title=\"&#8220;FxA Senior &#8211; 2018&#8221; &#8212; Annuncio e Sacramenti\" data-secret=\"qcZ4LDA4AT\" frameborder=\"0\" marginwidth=\"0\" marginheight=\"0\" scrolling=\"no\" class=\"wp-embedded-content\"><\/iframe><script type=\"text\/javascript\">\n\/* <![CDATA[ *\/\n\/*! This file is auto-generated *\/\n!function(d,l){\"use strict\";l.querySelector&&d.addEventListener&&\"undefined\"!=typeof URL&&(d.wp=d.wp||{},d.wp.receiveEmbedMessage||(d.wp.receiveEmbedMessage=function(e){var t=e.data;if((t||t.secret||t.message||t.value)&&!\/[^a-zA-Z0-9]\/.test(t.secret)){for(var s,r,n,a=l.querySelectorAll('iframe[data-secret=\"'+t.secret+'\"]'),o=l.querySelectorAll('blockquote[data-secret=\"'+t.secret+'\"]'),c=new RegExp(\"^https?:$\",\"i\"),i=0;i<o.length;i++)o[i].style.display=\"none\";for(i=0;i<a.length;i++)s=a[i],e.source===s.contentWindow&&(s.removeAttribute(\"style\"),\"height\"===t.message?(1e3<(r=parseInt(t.value,10))?r=1e3:~~r<200&&(r=200),s.height=r):\"link\"===t.message&&(r=new URL(s.getAttribute(\"src\")),n=new URL(t.value),c.test(n.protocol))&&n.host===r.host&&l.activeElement===s&&(d.top.location.href=t.value))}},d.addEventListener(\"message\",d.wp.receiveEmbedMessage,!1),l.addEventListener(\"DOMContentLoaded\",function(){for(var e,t,s=l.querySelectorAll(\"iframe.wp-embedded-content\"),r=0;r<s.length;r++)(t=(e=s[r]).getAttribute(\"data-secret\"))||(t=Math.random().toString(36).substring(2,12),e.src+=\"#?secret=\"+t,e.setAttribute(\"data-secret\",t)),e.contentWindow.postMessage({message:\"ready\",secret:t},\"*\")},!1)))}(window,document);\n\/* ]]> *\/\n<\/script>\n","thumbnail_url":"https:\/\/www.diocesitn.it\/area-annuncio\/wp-content\/uploads\/sites\/39\/2018\/02\/FXA-SENIOR.jpg","thumbnail_width":800,"thumbnail_height":800,"description":"17-18 marzo presso Santa Giuliana di Levico Educare \u00e8 custodire Educare non \u00e8 solo sapere cose, \u00e8 essere capaci di unire il linguaggio del cuore, della mente, delle mani. (Papa Francesco) Il fine settimana \u00e8"}

17-18 marzo presso Santa Giuliana di Levico Educare è custodire Educare non è solo sapere cose, è essere capaci di unire il linguaggio del cuore, della mente, delle mani. (Papa Francesco) Il fine settimana è
